CRAN Package Check Results for Package Peptides

Last updated on 2022-07-03 11:53:44 CEST.

Flavor Version Tinstall Tcheck Ttotal Status Flags
r-devel-linux-x86_64-debian-clang 2.4.4 17.06 38.56 55.62 OK
r-devel-linux-x86_64-debian-gcc 2.4.4 14.74 29.53 44.27 OK
r-devel-linux-x86_64-fedora-clang 2.4.4 87.97 OK
r-devel-linux-x86_64-fedora-gcc 2.4.4 79.75 OK
r-devel-windows-x86_64 2.4.4 55.00 86.00 141.00 OK
r-patched-linux-x86_64 2.4.4 17.28 37.39 54.67 OK
r-release-linux-x86_64 2.4.4 16.84 37.27 54.11 OK
r-release-macos-arm64 2.4.4 29.00 OK
r-release-macos-x86_64 2.4.4 38.00 OK
r-release-windows-x86_64 2.4.4 54.00 88.00 142.00 OK
r-oldrel-macos-arm64 2.4.4 33.00 OK
r-oldrel-macos-x86_64 2.4.4 54.00 OK
r-oldrel-windows-ix86+x86_64 2.4.4 49.00 89.00 138.00 NOTE

Check Details

Version: 2.4.4
Check: installed package size
Result: NOTE
     installed size is 5.5Mb
     sub-directories of 1Mb or more:
     libs 2.0Mb
     xvg-files 3.2Mb
Flavor: r-oldrel-windows-ix86+x86_64