CRAN Package Check Results for Package PenIC

Last updated on 2022-07-05 11:50:00 CEST.

Flavor Version Tinstall Tcheck Ttotal Status Flags
r-devel-linux-x86_64-debian-clang 1.0.0 6.89 69.52 76.41 NOTE
r-devel-linux-x86_64-debian-gcc 1.0.0 4.97 51.98 56.95 NOTE
r-devel-linux-x86_64-fedora-clang 1.0.0 100.98 NOTE
r-devel-linux-x86_64-fedora-gcc 1.0.0 99.43 NOTE
r-devel-windows-x86_64 1.0.0 12.00 95.00 107.00 NOTE
r-patched-linux-x86_64 1.0.0 7.49 66.11 73.60 NOTE
r-release-linux-x86_64 1.0.0 7.68 65.68 73.36 NOTE
r-release-macos-arm64 1.0.0 29.00 NOTE
r-release-macos-x86_64 1.0.0 43.00 NOTE
r-release-windows-x86_64 1.0.0 11.00 94.00 105.00 NOTE
r-oldrel-macos-arm64 1.0.0 34.00 NOTE
r-oldrel-macos-x86_64 1.0.0 54.00 NOTE
r-oldrel-windows-ix86+x86_64 1.0.0 17.00 89.00 106.00 NOTE

Check Details

Version: 1.0.0
Check: LazyData
Result: NOTE
     'LazyData' is specified without a 'data' directory
Flavors: r-devel-linux-x86_64-debian-clang, r-devel-linux-x86_64-debian-gcc, r-devel-linux-x86_64-fedora-clang, r-devel-linux-x86_64-fedora-gcc, r-devel-windows-x86_64, r-patched-linux-x86_64, r-release-linux-x86_64, r-release-macos-arm64, r-release-macos-x86_64, r-release-windows-x86_64, r-oldrel-macos-arm64, r-oldrel-macos-x86_64, r-oldrel-windows-ix86+x86_64