Last updated on 2024-08-16 12:49:15 CEST.
Flavor | Version | Tinstall | Tcheck | Ttotal | Status | Flags |
---|---|---|---|---|---|---|
r-devel-linux-x86_64-debian-clang | 1.5 | 43.92 | 348.67 | 392.59 | OK | |
r-devel-linux-x86_64-debian-gcc | 1.5 | 34.88 | 259.53 | 294.41 | OK | |
r-devel-linux-x86_64-fedora-clang | 1.5 | 663.34 | NOTE | |||
r-devel-linux-x86_64-fedora-gcc | 1.5 | 649.47 | OK | |||
r-devel-windows-x86_64 | 1.5 | 32.00 | 273.00 | 305.00 | OK | |
r-patched-linux-x86_64 | 1.5 | 41.58 | 334.37 | 375.95 | OK | |
r-release-linux-x86_64 | 1.5 | 44.10 | 331.22 | 375.32 | OK | |
r-release-macos-arm64 | 1.5 | 322.00 | OK | |||
r-release-macos-x86_64 | 1.5 | 290.00 | OK | |||
r-release-windows-x86_64 | 1.5 | 33.00 | 276.00 | 309.00 | OK | |
r-oldrel-macos-arm64 | 1.5 | 174.00 | OK | |||
r-oldrel-macos-x86_64 | 1.5 | 449.00 | OK | |||
r-oldrel-windows-x86_64 | 1.5 | 45.00 | 350.00 | 395.00 | OK |
Version: 1.5
Check: package dependencies
Result: NOTE
Package suggested but not available for checking: ‘c060’
Flavor: r-devel-linux-x86_64-fedora-clang