Last updated on 2022-06-27 11:50:50 CEST.
Flavor | Version | Tinstall | Tcheck | Ttotal | Status | Flags |
---|---|---|---|---|---|---|
r-devel-linux-x86_64-debian-clang | 2.0.0 | 62.46 | 513.64 | 576.10 | WARN | |
r-devel-linux-x86_64-debian-gcc | 2.0.0 | 52.77 | 359.00 | 411.77 | OK | |
r-devel-linux-x86_64-fedora-clang | 2.0.1 | 842.32 | NOTE | |||
r-devel-linux-x86_64-fedora-gcc | 2.0.1 | 793.79 | NOTE | |||
r-devel-windows-x86_64 | 2.0.0 | 82.00 | 484.00 | 566.00 | OK | |
r-patched-linux-x86_64 | 2.0.0 | 57.78 | 452.02 | 509.80 | OK | |
r-release-linux-x86_64 | 2.0.0 | 53.62 | 450.15 | 503.77 | OK | |
r-release-macos-arm64 | 2.0.0 | 164.00 | OK | |||
r-release-macos-x86_64 | 2.0.0 | 308.00 | OK | |||
r-release-windows-x86_64 | 2.0.0 | 90.00 | 499.00 | 589.00 | OK | |
r-oldrel-macos-arm64 | 2.0.0 | 225.00 | OK | |||
r-oldrel-macos-x86_64 | 2.0.0 | 216.00 | OK | |||
r-oldrel-windows-ix86+x86_64 | 2.0.0 | 156.00 | 825.00 | 981.00 | OK |
Version: 2.0.0
Check: whether package can be installed
Result: WARN
Found the following significant warnings:
matched_set_helpers.cpp:23:10: warning: use of bitwise '&' with boolean operands [-Wbitwise-instead-of-logical]
matched_set_helpers.cpp:28:12: warning: use of bitwise '&' with boolean operands [-Wbitwise-instead-of-logical]
matched_set_helpers.cpp:65:11: warning: use of bitwise '&' with boolean operands [-Wbitwise-instead-of-logical]
matched_set_helpers.cpp:128:14: warning: use of bitwise '&' with boolean operands [-Wbitwise-instead-of-logical]
matched_set_helpers.cpp:220:16: warning: use of bitwise '&' with boolean operands [-Wbitwise-instead-of-logical]
Flavor: r-devel-linux-x86_64-debian-clang
Version: 2.0.1
Check: dependencies in R code
Result: NOTE
Namespace in Imports field not imported from: ‘grDevices’
All declared Imports should be used.
Flavors: r-devel-linux-x86_64-fedora-clang, r-devel-linux-x86_64-fedora-gcc