CRAN Package Check Results for Package PanelMatch

Last updated on 2022-11-30 10:51:45 CET.

Flavor Version Tinstall Tcheck Ttotal Status Flags
r-devel-linux-x86_64-debian-clang 2.0.1 62.27 649.84 712.11 OK
r-devel-linux-x86_64-debian-gcc 2.0.1 50.88 457.94 508.82 OK
r-devel-linux-x86_64-fedora-clang 2.0.1 845.94 NOTE
r-devel-linux-x86_64-fedora-gcc 2.0.1 803.56 NOTE
r-devel-windows-x86_64 2.0.1 84.00 634.00 718.00 OK
r-patched-linux-x86_64 2.0.1 62.03 569.08 631.11 OK
r-release-linux-x86_64 2.0.1 60.64 578.55 639.19 OK
r-release-macos-arm64 2.0.1 206.00 NOTE
r-release-macos-x86_64 2.0.1 261.00 NOTE
r-release-windows-x86_64 2.0.1 86.00 648.00 734.00 OK
r-oldrel-macos-arm64 2.0.1 191.00 NOTE
r-oldrel-macos-x86_64 2.0.1 266.00 NOTE
r-oldrel-windows-ix86+x86_64 2.0.1 155.00 1051.00 1206.00 OK

Check Details

Version: 2.0.1
Check: dependencies in R code
Result: NOTE
    Namespace in Imports field not imported from: ‘grDevices’
     All declared Imports should be used.
Flavors: r-devel-linux-x86_64-fedora-clang, r-devel-linux-x86_64-fedora-gcc, r-release-macos-arm64, r-release-macos-x86_64, r-oldrel-macos-arm64, r-oldrel-macos-x86_64