CRAN Package Check Results for Package PanelCount

Last updated on 2022-07-05 11:49:59 CEST.

Flavor Version Tinstall Tcheck Ttotal Status Flags
r-devel-linux-x86_64-debian-clang 1.0.9 27.59 38.15 65.74 OK
r-devel-linux-x86_64-debian-gcc 1.0.9 27.10 28.78 55.88 OK
r-devel-linux-x86_64-fedora-clang 1.0.9 106.19 NOTE
r-devel-linux-x86_64-fedora-gcc 1.0.9 98.19 NOTE
r-devel-windows-x86_64 1.0.9 38.00 81.00 119.00 OK
r-patched-linux-x86_64 1.0.9 28.39 36.66 65.05 OK
r-release-linux-x86_64 1.0.9 28.52 36.85 65.37 OK
r-release-macos-arm64 1.0.9 25.00 OK
r-release-macos-x86_64 1.0.9 36.00 OK
r-release-windows-x86_64 1.0.9 34.00 80.00 114.00 OK
r-oldrel-macos-arm64 1.0.9 29.00 OK
r-oldrel-macos-x86_64 1.0.9 46.00 OK
r-oldrel-windows-ix86+x86_64 1.0.9 85.00 81.00 166.00 OK

Check Details

Version: 1.0.9
Check: compiled code
Result: NOTE
    File ‘PanelCount/libs/PanelCount.so’:
     Found no calls to: ‘R_registerRoutines’, ‘R_useDynamicSymbols’
    
    It is good practice to register native routines and to disable symbol
    search.
    
    See ‘Writing portable packages’ in the ‘Writing R Extensions’ manual.
Flavors: r-devel-linux-x86_64-fedora-clang, r-devel-linux-x86_64-fedora-gcc