CRAN Package Check Results for Package PanCanVarSel

Last updated on 2022-06-26 11:52:39 CEST.

Flavor Version Tinstall Tcheck Ttotal Status Flags
r-devel-linux-x86_64-debian-clang 0.0.3 2.54 53.89 56.43 NOTE
r-devel-linux-x86_64-debian-gcc 0.0.3 2.85 41.28 44.13 NOTE
r-devel-linux-x86_64-fedora-clang 0.0.3 78.81 NOTE
r-devel-linux-x86_64-fedora-gcc 0.0.3 78.04 NOTE
r-devel-windows-x86_64 0.0.3 12.00 79.00 91.00 NOTE
r-patched-linux-x86_64 0.0.3 2.30 51.43 53.73 NOTE
r-release-linux-x86_64 0.0.3 2.58 51.06 53.64 NOTE
r-release-macos-arm64 0.0.3 25.00 NOTE
r-release-macos-x86_64 0.0.3 32.00 NOTE
r-release-windows-x86_64 0.0.3 12.00 78.00 90.00 NOTE
r-oldrel-macos-arm64 0.0.3 31.00 NOTE
r-oldrel-macos-x86_64 0.0.3 47.00 NOTE
r-oldrel-windows-ix86+x86_64 0.0.3 7.00 73.00 80.00 NOTE

Check Details

Version: 0.0.3
Check: LazyData
Result: NOTE
     'LazyData' is specified without a 'data' directory
Flavors: r-devel-linux-x86_64-debian-clang, r-devel-linux-x86_64-debian-gcc, r-devel-linux-x86_64-fedora-clang, r-devel-linux-x86_64-fedora-gcc, r-devel-windows-x86_64, r-patched-linux-x86_64, r-release-linux-x86_64, r-release-macos-arm64, r-release-macos-x86_64, r-release-windows-x86_64, r-oldrel-macos-arm64, r-oldrel-macos-x86_64, r-oldrel-windows-ix86+x86_64

Version: 0.0.3
Check: dependencies in R code
Result: NOTE
    Namespace in Imports field not imported from: ‘smoothmest’
     All declared Imports should be used.
Flavors: r-devel-linux-x86_64-fedora-clang, r-devel-linux-x86_64-fedora-gcc, r-release-macos-arm64, r-release-macos-x86_64, r-oldrel-macos-arm64, r-oldrel-macos-x86_64