Last updated on 2024-03-29 09:55:31 CET.
Flavor | Version | Tinstall | Tcheck | Ttotal | Status | Flags |
---|---|---|---|---|---|---|
r-devel-linux-x86_64-debian-clang | 0.1.0 | 7.05 | 43.83 | 50.88 | NOTE | |
r-devel-linux-x86_64-debian-gcc | 0.1.0 | 5.57 | 33.68 | 39.25 | NOTE | |
r-devel-linux-x86_64-fedora-clang | 0.1.0 | 66.48 | NOTE | |||
r-devel-linux-x86_64-fedora-gcc | 0.1.0 | 75.82 | NOTE | |||
r-devel-windows-x86_64 | 0.1.0 | 8.00 | 54.00 | 62.00 | NOTE | |
r-patched-linux-x86_64 | 0.1.0 | 7.09 | 43.31 | 50.40 | NOTE | |
r-release-linux-x86_64 | 0.1.0 | 7.14 | 42.08 | 49.22 | OK | |
r-release-macos-arm64 | 0.1.0 | 32.00 | OK | |||
r-release-macos-x86_64 | 0.1.0 | 47.00 | OK | |||
r-release-windows-x86_64 | 0.1.0 | 10.00 | 56.00 | 66.00 | OK | |
r-oldrel-macos-arm64 | 0.1.0 | 26.00 | OK | |||
r-oldrel-windows-x86_64 | 0.1.0 | 10.00 | 61.00 | 71.00 | OK |
Version: 0.1.0
Check: Rd files
Result: NOTE
checkRd: (-1) PakPMICS2018mm.Rd:69: Lost braces in \enumerate; meant \describe ?
checkRd: (-1) PakPMICS2018mm.Rd:70: Lost braces in \enumerate; meant \describe ?
Flavors: r-devel-linux-x86_64-debian-clang, r-devel-linux-x86_64-debian-gcc, r-devel-linux-x86_64-fedora-clang, r-devel-linux-x86_64-fedora-gcc, r-devel-windows-x86_64, r-patched-linux-x86_64