Last updated on 2023-09-25 12:01:46 CEST.
Flavor | Version | Tinstall | Tcheck | Ttotal | Status | Flags |
---|---|---|---|---|---|---|
r-devel-linux-x86_64-debian-clang | 0.1.0 | 10.67 | 48.12 | 58.79 | OK | |
r-devel-linux-x86_64-debian-gcc | 0.1.0 | 8.73 | 37.91 | 46.64 | OK | |
r-devel-linux-x86_64-fedora-clang | 0.1.0 | 73.40 | OK | |||
r-devel-linux-x86_64-fedora-gcc | 0.1.0 | 87.46 | OK | |||
r-devel-windows-x86_64 | 0.1.0 | 12.00 | 58.00 | 70.00 | OK | |
r-patched-linux-x86_64 | 0.1.0 | 10.30 | 47.40 | 57.70 | OK | |
r-release-linux-x86_64 | 0.1.0 | 8.99 | 46.99 | 55.98 | OK | |
r-release-macos-arm64 | 0.1.0 | 34.00 | OK | |||
r-release-macos-x86_64 | 0.1.0 | 50.00 | NOTE | |||
r-release-windows-x86_64 | 0.1.0 | 12.00 | 62.00 | 74.00 | OK | |
r-oldrel-macos-arm64 | 0.1.0 | 26.00 | OK | |||
r-oldrel-macos-x86_64 | 0.1.0 | 42.00 | OK | |||
r-oldrel-windows-x86_64 | 0.1.0 | 13.00 | 65.00 | 78.00 | OK |
Version: 0.1.0
Check: installed package size
Result: NOTE
installed size is 5.7Mb
sub-directories of 1Mb or more:
data 5.1Mb
Flavor: r-release-macos-x86_64