Last updated on 2024-04-17 10:41:44 CEST.
Flavor | Version | Tinstall | Tcheck | Ttotal | Status | Flags |
---|---|---|---|---|---|---|
r-devel-linux-x86_64-debian-clang | 0.1.0 | 4.84 | 44.03 | 48.87 | NOTE | |
r-devel-linux-x86_64-debian-gcc | 0.1.0 | 5.39 | 33.01 | 38.40 | NOTE | |
r-devel-linux-x86_64-fedora-clang | 0.1.0 | 63.64 | NOTE | |||
r-devel-linux-x86_64-fedora-gcc | 0.1.0 | 72.28 | NOTE | |||
r-prerel-macos-arm64 | 0.1.0 | 30.00 | NOTE | |||
r-prerel-windows-x86_64 | 0.1.0 | 7.00 | 52.00 | 59.00 | NOTE | |
r-patched-linux-x86_64 | 0.1.0 | 5.45 | 42.58 | 48.03 | NOTE | |
r-release-linux-x86_64 | 0.1.0 | 7.02 | 40.77 | 47.79 | OK | |
r-release-macos-arm64 | 0.1.0 | 30.00 | OK | |||
r-release-macos-x86_64 | 0.1.0 | 45.00 | OK | |||
r-release-windows-x86_64 | 0.1.0 | 9.00 | 55.00 | 64.00 | OK | |
r-oldrel-macos-arm64 | 0.1.0 | 23.00 | OK | |||
r-oldrel-windows-x86_64 | 0.1.0 | 9.00 | 59.00 | 68.00 | OK |
Version: 0.1.0
Check: Rd files
Result: NOTE
checkRd: (-1) PakPMICS2018bh.Rd:88: Lost braces in \enumerate; meant \describe ?
checkRd: (-1) PakPMICS2018bh.Rd:89: Lost braces in \enumerate; meant \describe ?
Flavors: r-devel-linux-x86_64-debian-clang, r-devel-linux-x86_64-debian-gcc, r-devel-linux-x86_64-fedora-clang, r-devel-linux-x86_64-fedora-gcc, r-prerel-macos-arm64, r-prerel-windows-x86_64, r-patched-linux-x86_64