CRAN Package Check Results for Package PakPMICS2014Wm

Last updated on 2025-04-29 12:52:43 CEST.

Flavor Version Tinstall Tcheck Ttotal Status Flags
r-devel-linux-x86_64-debian-clang 0.1.1 26.09 26.96 53.05 NOTE
r-devel-linux-x86_64-debian-gcc 0.1.1 19.55 21.98 41.53 NOTE
r-devel-linux-x86_64-fedora-clang 0.1.1 86.86 NOTE
r-devel-linux-x86_64-fedora-gcc 0.1.1 84.15 NOTE
r-devel-windows-x86_64 0.1.1 24.00 52.00 76.00 NOTE
r-patched-linux-x86_64 0.1.1 27.16 25.96 53.12 NOTE
r-release-linux-x86_64 0.1.1 26.78 25.92 52.70 NOTE
r-release-macos-arm64 0.1.1 34.00 NOTE
r-release-macos-x86_64 0.1.1 57.00 NOTE
r-release-windows-x86_64 0.1.1 24.00 54.00 78.00 NOTE
r-oldrel-macos-arm64 0.1.1 37.00 NOTE
r-oldrel-macos-x86_64 0.1.1 43.00 NOTE
r-oldrel-windows-x86_64 0.1.1 25.00 58.00 83.00 NOTE

Check Details

Version: 0.1.1
Check: Rd files
Result: NOTE checkRd: (-1) MICS2014Wm.Rd:336: Lost braces in \enumerate; meant \describe ? checkRd: (-1) MICS2014Wm.Rd:337: Lost braces in \enumerate; meant \describe ? Flavors: r-devel-linux-x86_64-debian-clang, r-devel-linux-x86_64-debian-gcc, r-devel-linux-x86_64-fedora-clang, r-devel-linux-x86_64-fedora-gcc, r-devel-windows-x86_64, r-patched-linux-x86_64, r-release-linux-x86_64, r-release-macos-arm64, r-release-macos-x86_64, r-release-windows-x86_64, r-oldrel-macos-arm64, r-oldrel-macos-x86_64, r-oldrel-windows-x86_64

Version: 0.1.1
Check: dependencies in R code
Result: NOTE Namespace in Imports field not imported from: ‘stats’ All declared Imports should be used. Flavors: r-devel-linux-x86_64-fedora-clang, r-devel-linux-x86_64-fedora-gcc