Last updated on 2024-04-18 12:52:55 CEST.
Flavor | Version | Tinstall | Tcheck | Ttotal | Status | Flags |
---|---|---|---|---|---|---|
r-devel-linux-x86_64-debian-clang | 0.0.3 | 16.12 | 126.01 | 142.13 | OK | |
r-devel-linux-x86_64-debian-gcc | 0.0.3 | 11.89 | 93.51 | 105.40 | OK | |
r-devel-linux-x86_64-fedora-clang | 0.0.3 | 179.63 | NOTE | |||
r-devel-linux-x86_64-fedora-gcc | 0.0.3 | 179.40 | NOTE | |||
r-prerel-macos-arm64 | 0.0.3 | 51.00 | OK | |||
r-prerel-windows-x86_64 | 0.0.3 | 16.00 | 101.00 | 117.00 | OK | |
r-patched-linux-x86_64 | 0.0.3 | 19.63 | 117.61 | 137.24 | OK | |
r-release-linux-x86_64 | 0.0.3 | 13.67 | 120.42 | 134.09 | OK | |
r-release-macos-arm64 | 0.0.3 | 75.00 | OK | |||
r-release-macos-x86_64 | 0.0.3 | 113.00 | OK | |||
r-release-windows-x86_64 | 0.0.3 | 20.00 | 127.00 | 147.00 | OK | |
r-oldrel-macos-arm64 | 0.0.3 | 59.00 | OK | |||
r-oldrel-windows-x86_64 | 0.0.3 | 19.00 | 130.00 | 149.00 | OK |
Version: 0.0.3
Check: dependencies in R code
Result: NOTE
Namespace in Imports field not imported from: ‘progressr’
All declared Imports should be used.
Flavors: r-devel-linux-x86_64-fedora-clang, r-devel-linux-x86_64-fedora-gcc