CRAN Package Check Results for Package PWFSLSmoke

Last updated on 2022-08-11 12:55:39 CEST.

Flavor Version Tinstall Tcheck Ttotal Status Flags
r-devel-linux-x86_64-debian-clang 1.2.117 22.25 208.70 230.95 OK
r-devel-linux-x86_64-debian-gcc 1.2.117 18.91 154.08 172.99 OK
r-devel-linux-x86_64-fedora-clang 1.2.117 274.18 NOTE
r-devel-linux-x86_64-fedora-gcc 1.2.117 271.92 OK
r-devel-windows-x86_64 1.2.117 109.00 331.00 440.00 OK
r-patched-linux-x86_64 1.2.117 24.75 191.20 215.95 OK
r-release-linux-x86_64 1.2.117 OK
r-release-macos-arm64 1.2.117 77.00 OK
r-release-macos-x86_64 1.2.117 132.00 OK
r-release-windows-x86_64 1.2.117 126.00 324.00 450.00 OK
r-oldrel-macos-arm64 1.2.117 129.00 OK
r-oldrel-macos-x86_64 1.2.117 120.00 OK
r-oldrel-windows-ix86+x86_64 1.2.117 69.00 351.00 420.00 OK

Check Details

Version: 1.2.117
Check: package dependencies
Result: NOTE
    Imports includes 30 non-default packages.
    Importing from so many packages makes the package vulnerable to any of
    them becoming unavailable. Move as many as possible to Suggests and
    use conditionally.
Flavor: r-devel-linux-x86_64-fedora-clang