Last updated on 2024-08-16 12:49:17 CEST.
Flavor | Version | Tinstall | Tcheck | Ttotal | Status | Flags |
---|---|---|---|---|---|---|
r-devel-linux-x86_64-debian-clang | 1.3.0.1 | 26.89 | 76.74 | 103.63 | OK | |
r-devel-linux-x86_64-debian-gcc | 1.3.0.1 | 14.66 | 53.77 | 68.43 | OK | |
r-devel-linux-x86_64-fedora-clang | 1.3.0.1 | 165.21 | NOTE | |||
r-devel-linux-x86_64-fedora-gcc | 1.3.0.1 | 156.17 | NOTE | |||
r-devel-windows-x86_64 | 1.3.0.1 | 22.00 | 106.00 | 128.00 | OK | |
r-patched-linux-x86_64 | 1.3.0.1 | 23.82 | 70.86 | 94.68 | OK | |
r-release-linux-x86_64 | 1.3.0.1 | 19.76 | 72.82 | 92.58 | OK | |
r-release-macos-arm64 | 1.3.0.1 | 48.00 | OK | |||
r-release-macos-x86_64 | 1.3.0.1 | 104.00 | OK | |||
r-release-windows-x86_64 | 1.3.0.1 | 22.00 | 107.00 | 129.00 | OK | |
r-oldrel-macos-arm64 | 1.3.0.1 | 50.00 | OK | |||
r-oldrel-macos-x86_64 | 1.3.0.1 | 81.00 | OK | |||
r-oldrel-windows-x86_64 | 1.3.0.1 | 29.00 | 121.00 | 150.00 | OK |
Version: 1.3.0.1
Check: installed package size
Result: NOTE
installed size is 5.1Mb
sub-directories of 1Mb or more:
libs 4.8Mb
Flavor: r-devel-linux-x86_64-fedora-clang
Version: 1.3.0.1
Check: compiled code
Result: NOTE
File ‘PWEALL/libs/PWEALL.so’:
Found no calls to: ‘R_registerRoutines’, ‘R_useDynamicSymbols’
It is good practice to register native routines and to disable symbol
search.
See ‘Writing portable packages’ in the ‘Writing R Extensions’ manual.
Flavors: r-devel-linux-x86_64-fedora-clang, r-devel-linux-x86_64-fedora-gcc