Last updated on 2024-04-23 10:54:13 CEST.
Flavor | Version | Tinstall | Tcheck | Ttotal | Status | Flags |
---|---|---|---|---|---|---|
r-devel-linux-x86_64-debian-clang | 1.3.0.1 | 30.02 | 99.86 | 129.88 | OK | |
r-devel-linux-x86_64-debian-gcc | 1.3.0.1 | 17.95 | 72.74 | 90.69 | OK | |
r-devel-linux-x86_64-fedora-clang | 1.3.0.1 | 163.08 | NOTE | |||
r-devel-linux-x86_64-fedora-gcc | 1.3.0.1 | 151.07 | NOTE | |||
r-prerel-macos-arm64 | 1.3.0.1 | 48.00 | OK | |||
r-prerel-windows-x86_64 | 1.3.0.1 | 22.00 | 113.00 | 135.00 | OK | |
r-patched-linux-x86_64 | 1.3.0.1 | 29.50 | 92.07 | 121.57 | OK | |
r-release-linux-x86_64 | 1.3.0.1 | 26.55 | 102.61 | 129.16 | OK | |
r-release-macos-arm64 | 1.3.0.1 | 50.00 | OK | |||
r-release-macos-x86_64 | 1.3.0.1 | 81.00 | OK | |||
r-release-windows-x86_64 | 1.3.0.1 | 29.00 | 124.00 | 153.00 | OK | |
r-oldrel-macos-arm64 | 1.3.0.1 | 52.00 | OK | |||
r-oldrel-windows-x86_64 | 1.3.0.1 | 25.00 | 117.00 | 142.00 | OK |
Version: 1.3.0.1
Check: installed package size
Result: NOTE
installed size is 5.1Mb
sub-directories of 1Mb or more:
libs 4.8Mb
Flavor: r-devel-linux-x86_64-fedora-clang
Version: 1.3.0.1
Check: compiled code
Result: NOTE
File ‘PWEALL/libs/PWEALL.so’:
Found no calls to: ‘R_registerRoutines’, ‘R_useDynamicSymbols’
It is good practice to register native routines and to disable symbol
search.
See ‘Writing portable packages’ in the ‘Writing R Extensions’ manual.
Flavors: r-devel-linux-x86_64-fedora-clang, r-devel-linux-x86_64-fedora-gcc