Last updated on 2025-04-29 12:52:45 CEST.
Flavor | Version | Tinstall | Tcheck | Ttotal | Status | Flags |
---|---|---|---|---|---|---|
r-devel-linux-x86_64-debian-clang | 0.1.0 | 1.96 | 18.15 | 20.11 | NOTE | |
r-devel-linux-x86_64-debian-gcc | 0.1.0 | 1.56 | 14.96 | 16.52 | NOTE | |
r-devel-linux-x86_64-fedora-clang | 0.1.0 | 31.21 | OK | |||
r-devel-linux-x86_64-fedora-gcc | 0.1.0 | 29.68 | OK | |||
r-devel-windows-x86_64 | 0.1.0 | 3.00 | 39.00 | 42.00 | OK | |
r-patched-linux-x86_64 | 0.1.0 | 2.12 | 17.59 | 19.71 | OK | |
r-release-linux-x86_64 | 0.1.0 | 1.88 | 17.63 | 19.51 | OK | |
r-release-macos-arm64 | 0.1.0 | 17.00 | OK | |||
r-release-macos-x86_64 | 0.1.0 | 33.00 | OK | |||
r-release-windows-x86_64 | 0.1.0 | 4.00 | 40.00 | 44.00 | OK | |
r-oldrel-macos-arm64 | 0.1.0 | 17.00 | OK | |||
r-oldrel-macos-x86_64 | 0.1.0 | 33.00 | OK | |||
r-oldrel-windows-x86_64 | 0.1.0 | 3.00 | 40.00 | 43.00 | OK |
Version: 0.1.0
Check: CRAN incoming feasibility
Result: NOTE
Maintainer: ‘Haiyan Wang <hwang@ksu.edu>’
No Authors@R field in DESCRIPTION.
Please add one, modifying
Authors@R: c(person(given = c("Luann", "C."),
family = "Jung",
role = "aut"),
person(given = "Haiyan",
family = "Wang",
role = c("aut", "cre"),
email = "hwang@ksu.edu"),
person(given = "Diego",
family = "Maldonado",
role = "aut"),
person(given = "Sharad",
family = "Silwal",
role = "aut"),
person(given = "Siti",
family = "Tolos",
role = "aut"),
person(given = "Suojin",
family = "Wang",
role = "aut"))
as necessary.
Flavors: r-devel-linux-x86_64-debian-clang, r-devel-linux-x86_64-debian-gcc