CRAN Package Check Results for Package PSS.Health

Last updated on 2023-02-02 11:54:12 CET.

Flavor Version Tinstall Tcheck Ttotal Status Flags
r-devel-linux-x86_64-debian-clang 0.5.1 21.30 151.77 173.07 OK
r-devel-linux-x86_64-debian-gcc 0.5.1 14.28 112.97 127.25 OK
r-devel-linux-x86_64-fedora-clang 0.6.1 213.66 NOTE
r-devel-linux-x86_64-fedora-gcc 0.6.1 214.53 OK
r-devel-windows-x86_64 0.5.1 37.00 178.00 215.00 OK
r-patched-linux-x86_64 0.5.1 18.83 148.87 167.70 OK
r-release-linux-x86_64 0.5.1 16.53 148.07 164.60 OK
r-release-macos-arm64 0.6.1 56.00 OK
r-release-macos-x86_64 0.5.1 82.00 OK
r-release-windows-x86_64 0.5.1 62.00 184.00 246.00 OK
r-oldrel-macos-arm64 0.6.1 56.00 OK
r-oldrel-macos-x86_64 0.5.1 80.00 OK
r-oldrel-windows-ix86+x86_64 0.5.1 47.00 173.00 220.00 OK

Check Details

Version: 0.6.1
Check: package dependencies
Result: NOTE
    Imports includes 21 non-default packages.
    Importing from so many packages makes the package vulnerable to any of
    them becoming unavailable. Move as many as possible to Suggests and
    use conditionally.
Flavor: r-devel-linux-x86_64-fedora-clang