Last updated on 2024-04-19 11:56:56 CEST.
Flavor | Version | Tinstall | Tcheck | Ttotal | Status | Flags |
---|---|---|---|---|---|---|
r-devel-linux-x86_64-debian-clang | 1.0.3 | 123.69 | 34.56 | 158.25 | OK | |
r-devel-linux-x86_64-debian-gcc | 1.0.3 | OK | ||||
r-devel-linux-x86_64-fedora-clang | 1.0.3 | 232.55 | OK | |||
r-devel-linux-x86_64-fedora-gcc | 1.0.3 | 240.30 | OK | |||
r-prerel-macos-arm64 | 1.0.3 | 85.00 | NOTE | |||
r-prerel-windows-x86_64 | 1.0.3 | 103.00 | 67.00 | 170.00 | OK | |
r-patched-linux-x86_64 | 1.0.3 | 119.74 | 33.40 | 153.14 | OK | |
r-release-linux-x86_64 | 1.0.3 | 126.85 | 33.48 | 160.33 | OK | |
r-release-macos-arm64 | 1.0.3 | 58.00 | NOTE | |||
r-release-macos-x86_64 | 1.0.3 | 72.00 | NOTE | |||
r-release-windows-x86_64 | 1.0.3 | 116.00 | 75.00 | 191.00 | OK | |
r-oldrel-macos-arm64 | 1.0.3 | 63.00 | NOTE | |||
r-oldrel-windows-x86_64 | 1.0.3 | 111.00 | 75.00 | 186.00 | OK |
Version: 1.0.3
Check: installed package size
Result: NOTE
installed size is 5.1Mb
sub-directories of 1Mb or more:
libs 5.0Mb
Flavors: r-prerel-macos-arm64, r-release-macos-arm64, r-release-macos-x86_64, r-oldrel-macos-arm64