CRAN Package Check Results for Package PRISMAstatement

Last updated on 2022-09-26 11:52:19 CEST.

Flavor Version Tinstall Tcheck Ttotal Status Flags
r-devel-linux-x86_64-debian-clang 1.1.1 3.17 32.63 35.80 NOTE
r-devel-linux-x86_64-debian-gcc 1.1.1 2.16 25.69 27.85 NOTE
r-devel-linux-x86_64-fedora-clang 1.1.1 55.50 NOTE
r-devel-linux-x86_64-fedora-gcc 1.1.1 58.99 NOTE
r-devel-windows-x86_64 1.1.1 33.00 74.00 107.00 NOTE
r-patched-linux-x86_64 1.1.1 3.17 32.15 35.32 NOTE
r-release-linux-x86_64 1.1.1 1.93 32.04 33.97 NOTE
r-release-macos-arm64 1.1.1 22.00 NOTE
r-release-macos-x86_64 1.1.1 34.00 NOTE
r-release-windows-x86_64 1.1.1 27.00 76.00 103.00 NOTE
r-oldrel-macos-arm64 1.1.1 252.00 NOTE
r-oldrel-macos-x86_64 1.1.1 32.00 NOTE
r-oldrel-windows-ix86+x86_64 1.1.1 10.00 72.00 82.00 NOTE

Check Details

Version: 1.1.1
Check: LazyData
Result: NOTE
     'LazyData' is specified without a 'data' directory
Flavors: r-devel-linux-x86_64-debian-clang, r-devel-linux-x86_64-debian-gcc, r-devel-linux-x86_64-fedora-clang, r-devel-linux-x86_64-fedora-gcc, r-devel-windows-x86_64, r-patched-linux-x86_64, r-release-linux-x86_64, r-release-macos-arm64, r-release-macos-x86_64, r-release-windows-x86_64, r-oldrel-macos-arm64, r-oldrel-macos-x86_64, r-oldrel-windows-ix86+x86_64

Version: 1.1.1
Check: installed package size
Result: NOTE
     installed size is 5.0Mb
     sub-directories of 1Mb or more:
     doc 4.8Mb
Flavor: r-devel-linux-x86_64-fedora-clang