Last updated on 2024-04-18 12:52:55 CEST.
Flavor | Version | Tinstall | Tcheck | Ttotal | Status | Flags |
---|---|---|---|---|---|---|
r-devel-linux-x86_64-debian-clang | 1.1.1 | 2.31 | 37.00 | 39.31 | NOTE | |
r-devel-linux-x86_64-debian-gcc | 1.1.1 | 2.01 | 28.37 | 30.38 | NOTE | |
r-devel-linux-x86_64-fedora-clang | 1.1.1 | 50.74 | NOTE | |||
r-devel-linux-x86_64-fedora-gcc | 1.1.1 | 59.95 | NOTE | |||
r-prerel-macos-arm64 | 1.1.1 | 29.00 | NOTE | |||
r-prerel-windows-x86_64 | 1.1.1 | 4.00 | 50.00 | 54.00 | NOTE | |
r-patched-linux-x86_64 | 1.1.1 | 1.94 | 35.12 | 37.06 | NOTE | |
r-release-linux-x86_64 | 1.1.1 | 2.01 | 34.31 | 36.32 | NOTE | |
r-release-macos-arm64 | 1.1.1 | 27.00 | NOTE | |||
r-release-macos-x86_64 | 1.1.1 | 56.00 | NOTE | |||
r-release-windows-x86_64 | 1.1.1 | 5.00 | 52.00 | 57.00 | NOTE | |
r-oldrel-macos-arm64 | 1.1.1 | 22.00 | NOTE | |||
r-oldrel-windows-x86_64 | 1.1.1 | 6.00 | 57.00 | 63.00 | NOTE |
Version: 1.1.1
Check: LazyData
Result: NOTE
'LazyData' is specified without a 'data' directory
Flavors: r-devel-linux-x86_64-debian-clang, r-devel-linux-x86_64-debian-gcc, r-devel-linux-x86_64-fedora-clang, r-devel-linux-x86_64-fedora-gcc, r-prerel-macos-arm64, r-prerel-windows-x86_64, r-patched-linux-x86_64, r-release-linux-x86_64, r-release-macos-arm64, r-release-macos-x86_64, r-release-windows-x86_64, r-oldrel-macos-arm64, r-oldrel-windows-x86_64
Version: 1.1.1
Check: installed package size
Result: NOTE
installed size is 5.0Mb
sub-directories of 1Mb or more:
doc 4.8Mb
Flavor: r-devel-linux-x86_64-fedora-clang