CRAN Package Check Results for Package PRISMAstatement

Last updated on 2023-09-28 11:55:41 CEST.

Flavor Version Tinstall Tcheck Ttotal Status Flags
r-devel-linux-x86_64-debian-clang 1.1.1 3.26 34.63 37.89 NOTE
r-devel-linux-x86_64-debian-gcc 1.1.1 2.45 26.83 29.28 NOTE
r-devel-linux-x86_64-fedora-clang 1.1.1 48.20 NOTE
r-devel-linux-x86_64-fedora-gcc 1.1.1 59.80 NOTE
r-devel-windows-x86_64 1.1.1 5.00 50.00 55.00 NOTE
r-patched-linux-x86_64 1.1.1 1.92 33.07 34.99 NOTE
r-release-linux-x86_64 1.1.1 2.00 33.20 35.20 NOTE
r-release-macos-arm64 1.1.1 27.00 NOTE
r-release-macos-x86_64 1.1.1 56.00 NOTE
r-release-windows-x86_64 1.1.1 6.00 55.00 61.00 NOTE
r-oldrel-macos-arm64 1.1.1 22.00 NOTE
r-oldrel-macos-x86_64 1.1.1 34.00 NOTE
r-oldrel-windows-x86_64 1.1.1 6.00 55.00 61.00 NOTE

Check Details

Version: 1.1.1
Check: LazyData
Result: NOTE
     'LazyData' is specified without a 'data' directory
Flavors: r-devel-linux-x86_64-debian-clang, r-devel-linux-x86_64-debian-gcc, r-devel-linux-x86_64-fedora-clang, r-devel-linux-x86_64-fedora-gcc, r-devel-windows-x86_64, r-patched-linux-x86_64, r-release-linux-x86_64, r-release-macos-arm64, r-release-macos-x86_64, r-release-windows-x86_64, r-oldrel-macos-arm64, r-oldrel-macos-x86_64, r-oldrel-windows-x86_64

Version: 1.1.1
Check: installed package size
Result: NOTE
     installed size is 5.0Mb
     sub-directories of 1Mb or more:
     doc 4.8Mb
Flavor: r-devel-linux-x86_64-fedora-clang