Last updated on 2024-03-28 09:51:52 CET.
Flavor | Version | Tinstall | Tcheck | Ttotal | Status | Flags |
---|---|---|---|---|---|---|
r-devel-linux-x86_64-debian-clang | 1.2.1 | 57.48 | 70.52 | 128.00 | NOTE | |
r-devel-linux-x86_64-debian-gcc | 1.2.1 | 46.62 | 53.24 | 99.86 | NOTE | |
r-devel-linux-x86_64-fedora-clang | 1.2.1 | 170.39 | NOTE | |||
r-devel-linux-x86_64-fedora-gcc | 1.2.1 | 170.00 | NOTE | |||
r-devel-windows-x86_64 | 1.2.1 | 46.00 | 90.00 | 136.00 | NOTE | |
r-patched-linux-x86_64 | 1.2.1 | 56.94 | 66.05 | 122.99 | NOTE | |
r-release-linux-x86_64 | 1.2.1 | 57.27 | 67.98 | 125.25 | NOTE | |
r-release-macos-arm64 | 1.2.1 | 53.00 | NOTE | |||
r-release-macos-x86_64 | 1.2.1 | 84.00 | NOTE | |||
r-release-windows-x86_64 | 1.2.1 | 55.00 | 111.00 | 166.00 | NOTE | |
r-oldrel-macos-arm64 | 1.2.1 | 43.00 | OK | |||
r-oldrel-windows-x86_64 | 1.2.1 | 56.00 | 110.00 | 166.00 | OK |
Version: 1.2.1
Check: C++ specification
Result: NOTE
Specified C++11: please drop specification unless essential
Flavors: r-devel-linux-x86_64-debian-clang, r-devel-linux-x86_64-debian-gcc, r-devel-linux-x86_64-fedora-clang, r-devel-linux-x86_64-fedora-gcc, r-devel-windows-x86_64, r-patched-linux-x86_64, r-release-linux-x86_64, r-release-macos-arm64, r-release-macos-x86_64, r-release-windows-x86_64