Last updated on 2023-01-31 12:53:45 CET.
Flavor | Version | Tinstall | Tcheck | Ttotal | Status | Flags |
---|---|---|---|---|---|---|
r-devel-linux-x86_64-debian-clang | 1.1.0 | 7.96 | 145.31 | 153.27 | NOTE | |
r-devel-linux-x86_64-debian-gcc | 1.1.0 | 7.39 | 103.65 | 111.04 | NOTE | |
r-devel-linux-x86_64-fedora-clang | 1.1.0 | 187.04 | NOTE | |||
r-devel-linux-x86_64-fedora-gcc | 1.1.0 | 215.16 | NOTE | |||
r-devel-windows-x86_64 | 1.1.0 | 24.00 | 180.00 | 204.00 | NOTE | |
r-patched-linux-x86_64 | 1.1.0 | 9.04 | 143.59 | 152.63 | NOTE | |
r-release-linux-x86_64 | 1.1.0 | 7.60 | 144.76 | 152.36 | NOTE | |
r-release-macos-arm64 | 1.1.0 | 56.00 | NOTE | |||
r-release-macos-x86_64 | 1.1.0 | 90.00 | NOTE | |||
r-release-windows-x86_64 | 1.1.0 | 26.00 | 204.00 | 230.00 | NOTE | |
r-oldrel-macos-arm64 | 1.1.0 | 153.00 | NOTE | |||
r-oldrel-macos-x86_64 | 1.1.0 | 85.00 | NOTE | |||
r-oldrel-windows-ix86+x86_64 | 1.1.0 | 22.00 | 181.00 | 203.00 | NOTE |
Version: 1.1.0
Check: LazyData
Result: NOTE
'LazyData' is specified without a 'data' directory
Flavors: r-devel-linux-x86_64-debian-clang, r-devel-linux-x86_64-debian-gcc, r-devel-linux-x86_64-fedora-clang, r-devel-linux-x86_64-fedora-gcc, r-devel-windows-x86_64, r-patched-linux-x86_64, r-release-linux-x86_64, r-release-macos-arm64, r-release-macos-x86_64, r-release-windows-x86_64, r-oldrel-macos-arm64, r-oldrel-macos-x86_64, r-oldrel-windows-ix86+x86_64
Version: 1.1.0
Check: installed package size
Result: NOTE
installed size is 12.1Mb
sub-directories of 1Mb or more:
doc 12.0Mb
Flavors: r-devel-linux-x86_64-fedora-clang, r-devel-windows-x86_64, r-release-macos-arm64, r-release-macos-x86_64, r-release-windows-x86_64, r-oldrel-macos-arm64, r-oldrel-macos-x86_64, r-oldrel-windows-ix86+x86_64