CRAN Package Check Results for Package PPQplan

Last updated on 2024-02-23 11:53:31 CET.

Flavor Version Tinstall Tcheck Ttotal Status Flags
r-devel-linux-x86_64-debian-clang 1.1.0 NOTE
r-devel-linux-x86_64-debian-gcc 1.1.0 7.45 106.17 113.62 NOTE
r-devel-linux-x86_64-fedora-clang 1.1.0 183.34 NOTE
r-devel-linux-x86_64-fedora-gcc 1.1.0 193.38 NOTE
r-devel-windows-x86_64 1.1.0 9.00 124.00 133.00 NOTE
r-patched-linux-x86_64 1.1.0 5.45 140.48 145.93 NOTE
r-release-linux-x86_64 1.1.0 5.31 139.69 145.00 NOTE
r-release-macos-arm64 1.1.0 68.00 NOTE
r-release-macos-x86_64 1.1.0 87.00 NOTE
r-release-windows-x86_64 1.1.0 12.00 148.00 160.00 NOTE
r-oldrel-macos-arm64 1.1.0 56.00 NOTE
r-oldrel-windows-x86_64 1.1.0 14.00 158.00 172.00 NOTE

Check Details

Version: 1.1.0
Check: LazyData
Result: NOTE 'LazyData' is specified without a 'data' directory Flavors: r-devel-linux-x86_64-debian-clang, r-devel-linux-x86_64-debian-gcc, r-devel-linux-x86_64-fedora-clang, r-devel-linux-x86_64-fedora-gcc, r-devel-windows-x86_64, r-patched-linux-x86_64, r-release-linux-x86_64, r-release-macos-arm64, r-release-macos-x86_64, r-release-windows-x86_64, r-oldrel-macos-arm64, r-oldrel-windows-x86_64

Version: 1.1.0
Check: installed package size
Result: NOTE installed size is 12.1Mb sub-directories of 1Mb or more: doc 12.0Mb Flavors: r-devel-linux-x86_64-fedora-clang, r-devel-windows-x86_64, r-release-macos-arm64, r-release-macos-x86_64, r-release-windows-x86_64, r-oldrel-macos-arm64, r-oldrel-windows-x86_64