Last updated on 2025-10-21 11:53:34 CEST.
Flavor | Version | Tinstall | Tcheck | Ttotal | Status | Flags |
---|---|---|---|---|---|---|
r-devel-linux-x86_64-debian-clang | 0.1.8 | 8.83 | 312.32 | 321.15 | NOTE | |
r-devel-linux-x86_64-debian-gcc | 0.1.8 | 6.62 | 236.68 | 243.30 | NOTE | |
r-devel-linux-x86_64-fedora-clang | 0.1.8 | 525.56 | OK | |||
r-devel-linux-x86_64-fedora-gcc | 0.1.8 | 18.00 | 537.35 | 555.35 | OK | |
r-devel-windows-x86_64 | 0.1.8 | 11.00 | 104.00 | 115.00 | OK | --no-vignettes |
r-patched-linux-x86_64 | 0.1.8 | 8.65 | 316.47 | 325.12 | OK | |
r-release-linux-x86_64 | 0.1.8 | 7.71 | 317.48 | 325.19 | OK | |
r-release-macos-arm64 | 0.1.8 | 171.00 | OK | |||
r-release-macos-x86_64 | 0.1.8 | 12.00 | 361.00 | 373.00 | OK | |
r-release-windows-x86_64 | 0.1.8 | 12.00 | 87.00 | 99.00 | OK | --no-vignettes |
r-oldrel-macos-arm64 | 0.1.8 | 177.00 | OK | |||
r-oldrel-macos-x86_64 | 0.1.8 | 368.00 | OK | |||
r-oldrel-windows-x86_64 | 0.1.8 | 17.00 | 67.00 | 84.00 | OK | --no-vignettes |
Version: 0.1.8
Check: HTML version of manual
Result: NOTE
Found the following HTML validation problems:
fitted.PLmod.html:51:1 (fitted.PLmod.Rd:12): Warning: missing </ul> before </div>
fixef.PLmod.html:51:1 (fixef.PLmod.Rd:12): Warning: missing </ul> before </div>
iterPlot.html:46:1 (iterPlot.Rd:10): Warning: missing </ul> before </div>
plot.PLmod.html:51:1 (plot.PLmod.Rd:12): Warning: missing </ul> before </div>
predict.PLmod.html:55:1 (predict.PLmod.Rd:14): Warning: missing </ul> before </div>
print.PLmod.html:55:1 (print.PLmod.Rd:14): Warning: missing </ul> before </div>
print.summary.PLmod.html:55:1 (print.summary.PLmod.Rd:14): Warning: missing </ul> before </div>
ranef.PLmod.html:51:1 (ranef.PLmod.Rd:12): Warning: missing </ul> before </div>
residuals.PLmod.html:51:1 (residuals.PLmod.Rd:12): Warning: missing </ul> before </div>
simulate.PLmod.html:51:1 (simulate.PLmod.Rd:12): Warning: missing </ul> before </div>
Flavors: r-devel-linux-x86_64-debian-clang, r-devel-linux-x86_64-debian-gcc