Last updated on 2024-03-29 09:55:32 CET.
Flavor | Version | Tinstall | Tcheck | Ttotal | Status | Flags |
---|---|---|---|---|---|---|
r-devel-linux-x86_64-debian-clang | 1.2.0 | 242.34 | 750.65 | 992.99 | OK | |
r-devel-linux-x86_64-debian-gcc | 1.2.0 | 191.84 | 507.14 | 698.98 | OK | |
r-devel-linux-x86_64-fedora-clang | 1.2.0 | 1279.17 | NOTE | |||
r-devel-linux-x86_64-fedora-gcc | 1.2.0 | 1261.14 | OK | |||
r-devel-windows-x86_64 | 1.2.0 | 185.00 | 581.00 | 766.00 | NOTE | |
r-patched-linux-x86_64 | 1.2.0 | 194.90 | 700.46 | 895.36 | OK | |
r-release-linux-x86_64 | 1.2.0 | 172.75 | 714.37 | 887.12 | OK | |
r-release-macos-arm64 | 1.2.0 | 347.00 | NOTE | |||
r-release-macos-x86_64 | 1.2.0 | 585.00 | NOTE | |||
r-release-windows-x86_64 | 1.2.0 | 231.00 | 733.00 | 964.00 | NOTE | |
r-oldrel-macos-arm64 | 1.2.0 | 298.00 | NOTE | |||
r-oldrel-windows-x86_64 | 1.2.0 | 224.00 | 701.00 | 925.00 | NOTE |
Version: 1.2.0
Check: installed package size
Result: NOTE
installed size is 6.0Mb
sub-directories of 1Mb or more:
data 1.4Mb
doc 2.1Mb
Flavors: r-devel-linux-x86_64-fedora-clang, r-devel-windows-x86_64, r-release-macos-arm64, r-release-macos-x86_64, r-release-windows-x86_64, r-oldrel-macos-arm64, r-oldrel-windows-x86_64