Last updated on 2024-04-25 08:00:01 CEST.
Flavor | Version | Tinstall | Tcheck | Ttotal | Status | Flags |
---|---|---|---|---|---|---|
r-devel-linux-x86_64-debian-clang | 0.2.0 | 30.95 | 67.35 | 98.30 | NOTE | |
r-devel-linux-x86_64-debian-gcc | 0.2.0 | 26.58 | 48.37 | 74.95 | NOTE | |
r-devel-linux-x86_64-fedora-clang | 0.2.0 | 138.98 | NOTE | |||
r-devel-linux-x86_64-fedora-gcc | 0.2.0 | 144.17 | NOTE | |||
r-devel-windows-x86_64 | 0.2.0 | 29.00 | 86.00 | 115.00 | NOTE | |
r-patched-linux-x86_64 | 0.2.0 | 31.38 | 63.52 | 94.90 | NOTE | |
r-release-linux-x86_64 | 0.2.0 | 33.12 | 62.43 | 95.55 | NOTE | |
r-release-macos-arm64 | 0.2.0 | 47.00 | NOTE | |||
r-release-windows-x86_64 | 0.2.0 | 29.00 | 90.00 | 119.00 | NOTE | |
r-oldrel-macos-arm64 | 0.2.0 | 54.00 | NOTE | |||
r-oldrel-macos-x86_64 | 0.2.0 | 75.00 | NOTE | |||
r-oldrel-windows-x86_64 | 0.2.0 | 33.00 | 102.00 | 135.00 | NOTE |
Version: 0.2.0
Check: C++ specification
Result: NOTE
Specified C++11: please drop specification unless essential
Flavors: r-devel-linux-x86_64-debian-clang, r-devel-linux-x86_64-debian-gcc, r-devel-linux-x86_64-fedora-clang, r-devel-linux-x86_64-fedora-gcc, r-devel-windows-x86_64, r-patched-linux-x86_64, r-release-linux-x86_64, r-release-macos-arm64, r-release-windows-x86_64, r-oldrel-macos-arm64, r-oldrel-macos-x86_64, r-oldrel-windows-x86_64