CRAN Package Check Results for Package PKPDsim

Last updated on 2022-09-25 12:56:04 CEST.

Flavor Version Tinstall Tcheck Ttotal Status Flags
r-devel-linux-x86_64-debian-clang 1.1.1 105.98 377.93 483.91 OK
r-devel-linux-x86_64-debian-gcc 1.1.1 87.02 277.68 364.70 OK
r-devel-linux-x86_64-fedora-clang 1.1.1 606.11 NOTE
r-devel-linux-x86_64-fedora-gcc 1.1.1 569.88 NOTE
r-devel-windows-x86_64 1.1.1 133.00 415.00 548.00 OK
r-patched-linux-x86_64 1.1.1 85.25 336.92 422.17 OK
r-release-linux-x86_64 1.1.1 94.95 330.18 425.13 OK
r-release-macos-arm64 1.1.1 120.00 NOTE
r-release-macos-x86_64 1.1.1 171.00 NOTE
r-release-windows-x86_64 1.1.1 116.00 412.00 528.00 OK
r-oldrel-macos-arm64 1.1.1 120.00 NOTE
r-oldrel-macos-x86_64 1.1.1 160.00 NOTE
r-oldrel-windows-ix86+x86_64 1.1.1 247.00 749.00 996.00 WARN

Check Details

Version: 1.1.1
Check: dependencies in R code
Result: NOTE
    Namespace in Imports field not imported from: ‘BH’
     All declared Imports should be used.
Flavors: r-devel-linux-x86_64-fedora-clang, r-devel-linux-x86_64-fedora-gcc, r-release-macos-arm64, r-release-macos-x86_64, r-oldrel-macos-arm64, r-oldrel-macos-x86_64

Version: 1.1.1
Check: for unstated dependencies in ‘tests’
Result: WARN
    Warning: unable to access index for repository https://bioconductor.org/packages/3.14/bioc/src/contrib:
     cannot open URL 'https://bioconductor.org/packages/3.14/bioc/src/contrib/PACKAGES'
    Warning: unable to access index for repository https://bioconductor.org/packages/3.14/data/annotation/src/contrib:
     cannot open URL 'https://bioconductor.org/packages/3.14/data/annotation/src/contrib/PACKAGES'
    Warning: unable to access index for repository https://bioconductor.org/packages/3.14/data/experiment/src/contrib:
     cannot open URL 'https://bioconductor.org/packages/3.14/data/experiment/src/contrib/PACKAGES'
Flavor: r-oldrel-windows-ix86+x86_64