Last updated on 2024-04-23 10:54:12 CEST.
Flavor | Version | Tinstall | Tcheck | Ttotal | Status | Flags |
---|---|---|---|---|---|---|
r-devel-linux-x86_64-debian-clang | 1.3.0 | 117.57 | 867.37 | 984.94 | OK | |
r-devel-linux-x86_64-debian-gcc | 1.3.0 | 90.09 | 611.55 | 701.64 | OK | |
r-devel-linux-x86_64-fedora-clang | 1.3.0 | 1189.01 | NOTE | |||
r-devel-linux-x86_64-fedora-gcc | 1.3.0 | 1268.83 | NOTE | |||
r-prerel-macos-arm64 | 1.3.0 | 231.00 | OK | |||
r-prerel-windows-x86_64 | 1.3.0 | 89.00 | 627.00 | 716.00 | OK | |
r-patched-linux-x86_64 | 1.3.0 | 106.14 | 870.41 | 976.55 | OK | |
r-release-linux-x86_64 | 1.3.0 | 106.58 | 882.84 | 989.42 | OK | |
r-release-macos-arm64 | 1.3.0 | 285.00 | OK | |||
r-release-macos-x86_64 | 1.3.0 | 455.00 | OK | |||
r-release-windows-x86_64 | 1.3.0 | 111.00 | 819.00 | 930.00 | OK | |
r-oldrel-macos-arm64 | 1.3.0 | 234.00 | OK | |||
r-oldrel-windows-x86_64 | 1.3.0 | 100.00 | 723.00 | 823.00 | OK |
Version: 1.3.0
Check: dependencies in R code
Result: NOTE
Namespace in Imports field not imported from: ‘BH’
All declared Imports should be used.
Flavors: r-devel-linux-x86_64-fedora-clang, r-devel-linux-x86_64-fedora-gcc