Last updated on 2024-04-19 11:56:56 CEST.
Flavor | Version | Tinstall | Tcheck | Ttotal | Status | Flags |
---|---|---|---|---|---|---|
r-devel-linux-x86_64-debian-clang | 0.1-12 | 8.04 | 28.19 | 36.23 | OK | |
r-devel-linux-x86_64-debian-gcc | 0.1-12 | OK | ||||
r-devel-linux-x86_64-fedora-clang | 0.1-12 | 49.15 | OK | |||
r-devel-linux-x86_64-fedora-gcc | 0.1-12 | 47.66 | OK | |||
r-prerel-macos-arm64 | 0.1-12 | 23.00 | OK | |||
r-prerel-windows-x86_64 | 0.1-12 | 12.00 | 100.00 | 112.00 | NOTE | |
r-patched-linux-x86_64 | 0.1-12 | 8.16 | 28.61 | 36.77 | OK | |
r-release-linux-x86_64 | 0.1-12 | 7.66 | 27.41 | 35.07 | OK | |
r-release-macos-arm64 | 0.1-12 | 24.00 | OK | |||
r-release-macos-x86_64 | 0.1-12 | 33.00 | OK | |||
r-release-windows-x86_64 | 0.1-12 | 10.00 | 103.00 | 113.00 | OK | |
r-oldrel-macos-arm64 | 0.1-12 | 25.00 | OK | |||
r-oldrel-windows-x86_64 | 0.1-12 | 25.00 | 84.00 | 109.00 | OK |
Version: 0.1-12
Check: installed package size
Result: NOTE
installed size is 5.2Mb
sub-directories of 1Mb or more:
libs 5.1Mb
Flavor: r-prerel-windows-x86_64