Last updated on 2025-10-21 11:53:33 CEST.
Flavor | Version | Tinstall | Tcheck | Ttotal | Status | Flags |
---|---|---|---|---|---|---|
r-devel-linux-x86_64-debian-clang | 0.1.6 | 2.28 | 54.75 | 57.03 | NOTE | |
r-devel-linux-x86_64-debian-gcc | 0.1.6 | 1.69 | 40.58 | 42.27 | NOTE | |
r-devel-linux-x86_64-fedora-clang | 0.1.6 | 87.79 | OK | |||
r-devel-linux-x86_64-fedora-gcc | 0.1.6 | 100.28 | OK | |||
r-devel-windows-x86_64 | 0.1.6 | 3.00 | 85.00 | 88.00 | OK | |
r-patched-linux-x86_64 | 0.1.6 | 2.49 | 51.70 | 54.19 | OK | |
r-release-linux-x86_64 | 0.1.6 | 2.29 | 52.45 | 54.74 | OK | |
r-release-macos-arm64 | 0.1.6 | 35.00 | OK | |||
r-release-macos-x86_64 | 0.1.6 | 2.00 | 64.00 | 66.00 | OK | |
r-release-windows-x86_64 | 0.1.6 | 4.00 | 88.00 | 92.00 | OK | |
r-oldrel-macos-arm64 | 0.1.6 | 33.00 | OK | |||
r-oldrel-macos-x86_64 | 0.1.6 | 103.00 | OK | |||
r-oldrel-windows-x86_64 | 0.1.6 | 3.00 | 100.00 | 103.00 | OK |
Version: 0.1.6
Check: CRAN incoming feasibility
Result: NOTE
Maintainer: ‘Steven E. Pav <shabbychef@gmail.com>’
Package CITATION file contains call(s) to old-style citEntry(). Please
use bibentry() instead.
Flavors: r-devel-linux-x86_64-debian-clang, r-devel-linux-x86_64-debian-gcc
Version: 0.1.6
Check: HTML version of manual
Result: NOTE
Found the following HTML validation problems:
NEWS.html:117:56 (NEWS.Rd:63): Warning: missing </p> before <a>
NEWS.html:117:5 (NEWS.Rd:63): Warning: missing </a> before <a>
NEWS.html:117:152 (NEWS.Rd:63): Warning: inserting implicit <p>
NEWS.html:117:156 (NEWS.Rd:63): Warning: discarding unexpected </a>
NEWS.html:118:56 (NEWS.Rd:63): Warning: missing </p> before <a>
NEWS.html:118:5 (NEWS.Rd:63): Warning: missing </a> before <a>
NEWS.html:118:152 (NEWS.Rd:63): Warning: inserting implicit <p>
NEWS.html:118:156 (NEWS.Rd:63): Warning: discarding unexpected </a>
NEWS.html:119:56 (NEWS.Rd:63): Warning: missing </p> before <a>
NEWS.html:119:5 (NEWS.Rd:63): Warning: missing </a> before <a>
NEWS.html:119:152 (NEWS.Rd:63): Warning: inserting implicit <p>
NEWS.html:119:156 (NEWS.Rd:63): Warning: discarding unexpected </a>
NEWS.html:120:56 (NEWS.Rd:63): Warning: missing </p> before <a>
NEWS.html:120:5 (NEWS.Rd:63): Warning: missing </a> before <a>
NEWS.html:120:152 (NEWS.Rd:63): Warning: inserting implicit <p>
NEWS.html:120:156 (NEWS.Rd:63): Warning: discarding unexpected </a>
NEWS.html:121:56 (NEWS.Rd:63): Warning: missing </p> before <a>
NEWS.html:121:5 (NEWS.Rd:63): Warning: missing </a> before <a>
NEWS.html:121:152 (NEWS.Rd:63): Warning: inserting implicit <p>
NEWS.html:121:156 (NEWS.Rd:63): Warning: discarding unexpected </a>
NEWS.html:122:56 (NEWS.Rd:63): Warning: missing </p> before <a>
NEWS.html:122:5 (NEWS.Rd:63): Warning: missing </a> before <a>
NEWS.html:122:152 (NEWS.Rd:63): Warning: inserting implicit <p>
NEWS.html:122:156 (NEWS.Rd:63): Warning: discarding unexpected </a>
NEWS.html:123:64 (NEWS.Rd:63): Warning: missing </p> before <a>
NEWS.html:123:5 (NEWS.Rd:63): Warning: missing </a> before <a>
NEWS.html:123:168 (NEWS.Rd:63): Warning: inserting implicit <p>
NEWS.html:123:172 (NEWS.Rd:63): Warning: discarding unexpected </a>
NEWS.html:117:56 (NEWS.Rd:63): Warning: trimming empty <p>
NEWS.html:117:152 (NEWS.Rd:63): Warning: trimming empty <p>
NEWS.html:118:56 (NEWS.Rd:63): Warning: trimming empty <p>
NEWS.html:118:152 (NEWS.Rd:63): Warning: trimming empty <p>
NEWS.html:119:56 (NEWS.Rd:63): Warning: trimming empty <p>
NEWS.html:119:152 (NEWS.Rd:63): Warning: trimming empty <p>
NEWS.html:120:56 (NEWS.Rd:63): Warning: trimming empty <p>
NEWS.html:120:152 (NEWS.Rd:63): Warning: trimming empty <p>
NEWS.html:121:56 (NEWS.Rd:63): Warning: trimming empty <p>
NEWS.html:121:152 (NEWS.Rd:63): Warning: trimming empty <p>
NEWS.html:122:56 (NEWS.Rd:63): Warning: trimming empty <p>
NEWS.html:122:152 (NEWS.Rd:63): Warning: trimming empty <p>
NEWS.html:123:64 (NEWS.Rd:63): Warning: trimming empty <p>
NEWS.html:123:168 (NEWS.Rd:63): Warning: trimming empty <p>
Flavors: r-devel-linux-x86_64-debian-clang, r-devel-linux-x86_64-debian-gcc