Last updated on 2025-04-29 12:52:44 CEST.
Flavor | Version | Tinstall | Tcheck | Ttotal | Status | Flags |
---|---|---|---|---|---|---|
r-devel-linux-x86_64-debian-clang | 1.3 | 9.44 | 70.62 | 80.06 | NOTE | |
r-devel-linux-x86_64-debian-gcc | 1.3 | 6.39 | 52.15 | 58.54 | NOTE | |
r-devel-linux-x86_64-fedora-clang | 1.3 | 137.83 | OK | |||
r-devel-linux-x86_64-fedora-gcc | 1.3 | 120.34 | OK | |||
r-devel-windows-x86_64 | 1.3 | 9.00 | 79.00 | 88.00 | OK | |
r-patched-linux-x86_64 | 1.3 | 9.00 | 68.08 | 77.08 | OK | |
r-release-linux-x86_64 | 1.3 | 8.61 | 68.15 | 76.76 | OK | |
r-release-macos-arm64 | 1.3 | 35.00 | OK | |||
r-release-macos-x86_64 | 1.3 | 70.00 | OK | |||
r-release-windows-x86_64 | 1.3 | 9.00 | 82.00 | 91.00 | OK | |
r-oldrel-macos-arm64 | 1.3 | 32.00 | OK | |||
r-oldrel-macos-x86_64 | 1.3 | 48.00 | OK | |||
r-oldrel-windows-x86_64 | 1.3 | 9.00 | 96.00 | 105.00 | OK |
Version: 1.3
Check: CRAN incoming feasibility
Result: NOTE
Maintainer: ‘Jason Wilson <jason.wilson@biola.edu>’
No Authors@R field in DESCRIPTION.
Please add one, modifying
Authors@R: person(given = "Jason",
family = "Wilson",
role = c("aut", "cre"),
email = "jason.wilson@biola.edu")
as necessary.
Flavors: r-devel-linux-x86_64-debian-clang, r-devel-linux-x86_64-debian-gcc