Last updated on 2023-09-30 11:51:47 CEST.
Flavor | Version | Tinstall | Tcheck | Ttotal | Status | Flags |
---|---|---|---|---|---|---|
r-devel-linux-x86_64-debian-clang | 0.0.1 | 77.14 | 69.51 | 146.65 | OK | |
r-devel-linux-x86_64-debian-gcc | 0.0.1 | 66.65 | 54.86 | 121.51 | OK | |
r-devel-linux-x86_64-fedora-clang | 0.0.1 | 194.79 | OK | |||
r-devel-linux-x86_64-fedora-gcc | 0.0.1 | 243.39 | OK | |||
r-devel-windows-x86_64 | 0.0.1 | 59.00 | 87.00 | 146.00 | OK | |
r-patched-linux-x86_64 | 0.0.1 | 77.76 | 75.64 | 153.40 | OK | |
r-release-linux-x86_64 | 0.0.1 | 83.49 | 72.74 | 156.23 | OK | |
r-release-macos-arm64 | 0.0.1 | 82.00 | NOTE | |||
r-release-macos-x86_64 | 0.0.1 | 114.00 | NOTE | |||
r-release-windows-x86_64 | 0.0.1 | 74.00 | 106.00 | 180.00 | OK | |
r-oldrel-macos-arm64 | 0.0.1 | 57.00 | NOTE | |||
r-oldrel-macos-x86_64 | 0.0.1 | 76.00 | NOTE | |||
r-oldrel-windows-x86_64 | 0.0.1 | 67.00 | 104.00 | 171.00 | OK |
Version: 0.0.1
Check: installed package size
Result: NOTE
installed size is 34.1Mb
sub-directories of 1Mb or more:
libs 33.9Mb
Flavors: r-release-macos-arm64, r-release-macos-x86_64, r-oldrel-macos-arm64, r-oldrel-macos-x86_64