Last updated on 2024-04-25 08:00:01 CEST.
Flavor | Version | Tinstall | Tcheck | Ttotal | Status | Flags |
---|---|---|---|---|---|---|
r-devel-linux-x86_64-debian-clang | 0.0.1 | 103.69 | 90.72 | 194.41 | OK | |
r-devel-linux-x86_64-debian-gcc | 0.0.1 | 83.79 | 66.61 | 150.40 | OK | |
r-devel-linux-x86_64-fedora-clang | 0.0.1 | 223.56 | OK | |||
r-devel-linux-x86_64-fedora-gcc | 0.0.1 | 283.54 | OK | |||
r-devel-windows-x86_64 | 0.0.1 | 63.00 | 99.00 | 162.00 | OK | |
r-patched-linux-x86_64 | 0.0.1 | 91.97 | 92.26 | 184.23 | OK | |
r-release-linux-x86_64 | 0.0.1 | 103.84 | 93.44 | 197.28 | OK | |
r-release-macos-arm64 | 0.0.1 | 53.00 | NOTE | |||
r-release-windows-x86_64 | 0.0.1 | 60.00 | 99.00 | 159.00 | OK | |
r-oldrel-macos-arm64 | 0.0.1 | 82.00 | NOTE | |||
r-oldrel-macos-x86_64 | 0.0.1 | 114.00 | NOTE | |||
r-oldrel-windows-x86_64 | 0.0.1 | 80.00 | 117.00 | 197.00 | OK |
Version: 0.0.1
Check: installed package size
Result: NOTE
installed size is 36.6Mb
sub-directories of 1Mb or more:
libs 36.4Mb
Flavors: r-release-macos-arm64, r-oldrel-macos-arm64, r-oldrel-macos-x86_64