CRAN Package Check Results for Package PCMBaseCpp

Last updated on 2022-06-27 11:50:50 CEST.

Flavor Version Tinstall Tcheck Ttotal Status Flags
r-devel-linux-x86_64-debian-clang 0.1.9 142.05 435.22 577.27 OK
r-devel-linux-x86_64-debian-gcc 0.1.9 139.71 306.74 446.45 OK
r-devel-linux-x86_64-fedora-clang 0.1.9 722.24 NOTE
r-devel-linux-x86_64-fedora-gcc 0.1.9 759.07 OK
r-devel-windows-x86_64 0.1.9 134.00 452.00 586.00 OK
r-patched-linux-x86_64 0.1.9 156.50 406.64 563.14 OK
r-release-linux-x86_64 0.1.9 140.87 401.72 542.59 OK
r-release-macos-arm64 0.1.9 163.00 NOTE
r-release-macos-x86_64 0.1.9 302.00 NOTE
r-release-windows-x86_64 0.1.9 134.00 456.00 590.00 OK
r-oldrel-macos-arm64 0.1.9 178.00 NOTE
r-oldrel-macos-x86_64 0.1.9 285.00 NOTE
r-oldrel-windows-ix86+x86_64 0.1.9 343.00 713.00 1056.00 NOTE

Check Details

Version: 0.1.9
Check: installed package size
Result: NOTE
     installed size is 24.6Mb
     sub-directories of 1Mb or more:
     libs 23.5Mb
Flavors: r-devel-linux-x86_64-fedora-clang, r-release-macos-arm64, r-release-macos-x86_64, r-oldrel-macos-arm64, r-oldrel-macos-x86_64, r-oldrel-windows-ix86+x86_64