Last updated on 2025-05-12 13:50:21 CEST.
Flavor | Version | Tinstall | Tcheck | Ttotal | Status | Flags |
---|---|---|---|---|---|---|
r-devel-linux-x86_64-debian-clang | 1.2.14 | 25.71 | 234.16 | 259.87 | NOTE | |
r-devel-linux-x86_64-debian-gcc | 1.2.14 | 18.40 | 156.61 | 175.01 | NOTE | |
r-devel-linux-x86_64-fedora-clang | 1.2.14 | 429.42 | OK | |||
r-devel-linux-x86_64-fedora-gcc | 1.2.14 | 404.34 | OK | |||
r-devel-windows-x86_64 | 1.2.14 | 27.00 | 227.00 | 254.00 | NOTE | |
r-patched-linux-x86_64 | 1.2.14 | 26.04 | 220.88 | 246.92 | NOTE | |
r-release-linux-x86_64 | 1.2.14 | 24.54 | 219.89 | 244.43 | NOTE | |
r-release-macos-arm64 | 1.2.14 | 104.00 | OK | |||
r-release-macos-x86_64 | 1.2.14 | 223.00 | OK | |||
r-release-windows-x86_64 | 1.2.14 | 28.00 | 226.00 | 254.00 | NOTE | |
r-oldrel-macos-arm64 | 1.2.14 | 99.00 | OK | |||
r-oldrel-macos-x86_64 | 1.2.14 | 177.00 | OK | |||
r-oldrel-windows-x86_64 | 1.2.14 | 37.00 | 301.00 | 338.00 | OK |
Version: 1.2.14
Check: Rd cross-references
Result: NOTE
Found the following Rd file(s) with Rd \link{} targets missing package
anchors:
PCMOptions.Rd: vcv
PCMTreeVCV.Rd: vcv
Please provide package anchors for all Rd \link{} targets not in the
package itself and the base packages.
Flavors: r-devel-linux-x86_64-debian-clang, r-devel-linux-x86_64-debian-gcc, r-devel-windows-x86_64, r-patched-linux-x86_64, r-release-linux-x86_64, r-release-windows-x86_64