CRAN Package Check Results for Package PCA4TS

Last updated on 2023-01-27 11:49:34 CET.

Flavor Version Tinstall Tcheck Ttotal Status Flags
r-devel-linux-x86_64-debian-clang 0.1 4.79 36.17 40.96 OK
r-devel-linux-x86_64-debian-gcc 0.1 3.32 28.22 31.54 OK
r-devel-linux-x86_64-fedora-clang 0.1 52.44 NOTE
r-devel-linux-x86_64-fedora-gcc 0.1 53.51 NOTE
r-devel-windows-x86_64 0.1 15.00 76.00 91.00 OK
r-patched-linux-x86_64 0.1 3.69 35.75 39.44 OK
r-release-linux-x86_64 0.1 3.37 35.59 38.96 OK
r-release-macos-arm64 0.1 22.00 OK
r-release-macos-x86_64 0.1 31.00 OK
r-release-windows-x86_64 0.1 19.00 72.00 91.00 OK
r-oldrel-macos-arm64 0.1 30.00 OK
r-oldrel-macos-x86_64 0.1 40.00 OK
r-oldrel-windows-ix86+x86_64 0.1 13.00 79.00 92.00 OK

Check Details

Version: 0.1
Check: compiled code
Result: NOTE
    File ‘PCA4TS/libs/PCA4TS.so’:
     Found no calls to: ‘R_registerRoutines’, ‘R_useDynamicSymbols’
    
    It is good practice to register native routines and to disable symbol
    search.
    
    See ‘Writing portable packages’ in the ‘Writing R Extensions’ manual.
Flavors: r-devel-linux-x86_64-fedora-clang, r-devel-linux-x86_64-fedora-gcc