CRAN Package Check Results for Package PAMA

Last updated on 2022-06-29 11:52:16 CEST.

Flavor Version Tinstall Tcheck Ttotal Status Flags
r-devel-linux-x86_64-debian-clang 1.2.0 8.45 42.08 50.53 OK
r-devel-linux-x86_64-debian-gcc 1.2.0 8.65 32.89 41.54 OK
r-devel-linux-x86_64-fedora-clang 1.2.0 77.50 NOTE
r-devel-linux-x86_64-fedora-gcc 1.2.0 74.10 NOTE
r-devel-windows-x86_64 1.2.0 21.00 81.00 102.00 OK
r-patched-linux-x86_64 1.2.0 8.75 40.99 49.74 OK
r-release-linux-x86_64 1.2.0 9.62 43.09 52.71 OK
r-release-macos-arm64 1.2.0 22.00 NOTE
r-release-macos-x86_64 1.2.0 32.00 NOTE
r-release-windows-x86_64 1.2.0 18.00 85.00 103.00 OK
r-oldrel-macos-arm64 1.2.0 24.00 NOTE
r-oldrel-macos-x86_64 1.2.0 36.00 NOTE
r-oldrel-windows-ix86+x86_64 1.2.0 28.00 94.00 122.00 OK

Check Details

Version: 1.2.0
Check: dependencies in R code
Result: NOTE
    Namespace in Imports field not imported from: ‘Rcpp’
     All declared Imports should be used.
Flavors: r-devel-linux-x86_64-fedora-clang, r-devel-linux-x86_64-fedora-gcc, r-release-macos-arm64, r-release-macos-x86_64, r-oldrel-macos-arm64, r-oldrel-macos-x86_64

Version: 1.2.0
Check: compiled code
Result: NOTE
    File ‘PAMA/libs/PAMA.so’:
     Found no calls to: ‘R_registerRoutines’, ‘R_useDynamicSymbols’
    
    It is good practice to register native routines and to disable symbol
    search.
    
    See ‘Writing portable packages’ in the ‘Writing R Extensions’ manual.
Flavors: r-devel-linux-x86_64-fedora-clang, r-devel-linux-x86_64-fedora-gcc