CRAN Package Check Results for Package OscillatorGenerator

Last updated on 2025-11-28 12:48:45 CET.

Flavor Version Tinstall Tcheck Ttotal Status Flags
r-devel-linux-x86_64-debian-clang 0.1.0 2.84 27.09 29.93 OK
r-devel-linux-x86_64-debian-gcc 0.1.0 2.23 20.26 22.49 OK
r-devel-linux-x86_64-fedora-clang 0.1.0 45.92 OK
r-devel-linux-x86_64-fedora-gcc 0.1.0 41.99 OK
r-devel-windows-x86_64 0.1.0 4.00 46.00 50.00 OK
r-patched-linux-x86_64 0.1.0 3.12 25.00 28.12 OK
r-release-linux-x86_64 0.1.0 3.06 25.07 28.13 OK
r-release-macos-arm64 0.1.0 OK
r-release-macos-x86_64 0.1.0 3.00 22.00 25.00 OK
r-release-windows-x86_64 0.1.0 4.00 39.00 43.00 OK
r-oldrel-macos-arm64 0.1.0 NOTE
r-oldrel-macos-x86_64 0.1.0 2.00 19.00 21.00 NOTE
r-oldrel-windows-x86_64 0.1.0 4.00 41.00 45.00 NOTE

Check Details

Version: 0.1.0
Check: LazyData
Result: NOTE 'LazyData' is specified without a 'data' directory Flavors: r-oldrel-macos-arm64, r-oldrel-macos-x86_64, r-oldrel-windows-x86_64