Last updated on 2024-04-17 10:41:44 CEST.
Flavor | Version | Tinstall | Tcheck | Ttotal | Status | Flags |
---|---|---|---|---|---|---|
r-devel-linux-x86_64-debian-clang | 1.0.1 | 10.26 | 69.34 | 79.60 | NOTE | |
r-devel-linux-x86_64-debian-gcc | 1.0.1 | 7.45 | 49.43 | 56.88 | NOTE | |
r-devel-linux-x86_64-fedora-clang | 1.0.1 | 98.69 | NOTE | |||
r-devel-linux-x86_64-fedora-gcc | 1.0.1 | 97.65 | NOTE | |||
r-prerel-macos-arm64 | 1.0.1 | 29.00 | NOTE | |||
r-prerel-windows-x86_64 | 1.0.1 | 11.00 | 67.00 | 78.00 | NOTE | |
r-patched-linux-x86_64 | 1.0.1 | 13.15 | 66.23 | 79.38 | NOTE | |
r-release-linux-x86_64 | 1.0.1 | 8.37 | 65.80 | 74.17 | NOTE | |
r-release-macos-arm64 | 1.0.1 | 34.00 | NOTE | |||
r-release-macos-x86_64 | 1.0.1 | 46.00 | NOTE | |||
r-release-windows-x86_64 | 1.0.1 | 13.00 | 77.00 | 90.00 | NOTE | |
r-oldrel-macos-arm64 | 1.0.1 | 29.00 | NOTE | |||
r-oldrel-windows-x86_64 | 1.0.1 | 14.00 | 84.00 | 98.00 | NOTE |
Version: 1.0.1
Check: package dependencies
Result: NOTE
Package which this enhances but not available for checking: ‘gurobi’
Flavors: r-devel-linux-x86_64-debian-clang, r-devel-linux-x86_64-debian-gcc, r-devel-linux-x86_64-fedora-clang, r-devel-linux-x86_64-fedora-gcc, r-prerel-macos-arm64, r-prerel-windows-x86_64, r-patched-linux-x86_64, r-release-linux-x86_64, r-release-macos-arm64, r-release-macos-x86_64, r-release-windows-x86_64, r-oldrel-macos-arm64, r-oldrel-windows-x86_64
Version: 1.0.1
Check: LazyData
Result: NOTE
'LazyData' is specified without a 'data' directory
Flavors: r-devel-linux-x86_64-debian-clang, r-devel-linux-x86_64-debian-gcc, r-devel-linux-x86_64-fedora-clang, r-devel-linux-x86_64-fedora-gcc, r-prerel-macos-arm64, r-prerel-windows-x86_64, r-patched-linux-x86_64, r-release-linux-x86_64, r-release-macos-arm64, r-release-macos-x86_64, r-release-windows-x86_64, r-oldrel-macos-arm64, r-oldrel-windows-x86_64