CRAN Package Check Results for Package OptM

Last updated on 2022-07-01 11:52:06 CEST.

Flavor Version Tinstall Tcheck Ttotal Status Flags
r-devel-linux-x86_64-debian-clang 0.1.6 3.31 39.56 42.87 OK
r-devel-linux-x86_64-debian-gcc 0.1.6 2.60 28.19 30.79 OK
r-devel-linux-x86_64-fedora-clang 0.1.6 59.30 NOTE
r-devel-linux-x86_64-fedora-gcc 0.1.6 57.88 NOTE
r-devel-windows-x86_64 0.1.6 114.00 60.00 174.00 OK
r-patched-linux-x86_64 0.1.6 2.60 37.14 39.74 OK
r-release-linux-x86_64 0.1.6 2.51 37.05 39.56 OK
r-release-macos-arm64 0.1.6 18.00 NOTE
r-release-macos-x86_64 0.1.6 26.00 NOTE
r-release-windows-x86_64 0.1.6 102.00 62.00 164.00 OK
r-oldrel-macos-arm64 0.1.6 19.00 NOTE
r-oldrel-macos-x86_64 0.1.6 26.00 NOTE
r-oldrel-windows-ix86+x86_64 0.1.6 8.00 58.00 66.00 OK

Check Details

Version: 0.1.6
Check: dependencies in R code
Result: NOTE
    Namespaces in Imports field not imported from:
     ‘boot’ ‘splines’
     All declared Imports should be used.
Flavors: r-devel-linux-x86_64-fedora-clang, r-devel-linux-x86_64-fedora-gcc, r-release-macos-arm64, r-release-macos-x86_64, r-oldrel-macos-arm64, r-oldrel-macos-x86_64