CRAN Package Check Results for Package OptCirClust

Last updated on 2022-06-25 10:53:09 CEST.

Flavor Version Tinstall Tcheck Ttotal Status Flags
r-devel-linux-x86_64-debian-clang 0.0.4 20.03 58.73 78.76 OK
r-devel-linux-x86_64-debian-gcc 0.0.4 14.72 44.93 59.65 OK
r-devel-linux-x86_64-fedora-clang 0.0.4 118.13 NOTE
r-devel-linux-x86_64-fedora-gcc 0.0.4 105.42 NOTE
r-devel-windows-x86_64 0.0.4 38.00 111.00 149.00 OK
r-patched-linux-x86_64 0.0.4 18.35 55.56 73.91 OK
r-release-linux-x86_64 0.0.4 15.55 56.94 72.49 OK
r-release-macos-arm64 0.0.4 35.00 NOTE
r-release-macos-x86_64 0.0.4 45.00 NOTE
r-release-windows-x86_64 0.0.4 41.00 116.00 157.00 OK
r-oldrel-macos-arm64 0.0.4 42.00 NOTE
r-oldrel-macos-x86_64 0.0.4 47.00 NOTE
r-oldrel-windows-ix86+x86_64 0.0.4 54.00 122.00 176.00 OK

Check Details

Version: 0.0.4
Check: dependencies in R code
Result: NOTE
    Namespace in Imports field not imported from: ‘reshape2’
     All declared Imports should be used.
Flavors: r-devel-linux-x86_64-fedora-clang, r-devel-linux-x86_64-fedora-gcc, r-release-macos-arm64, r-release-macos-x86_64, r-oldrel-macos-arm64, r-oldrel-macos-x86_64