Last updated on 2024-04-18 12:52:53 CEST.
Flavor | Version | Tinstall | Tcheck | Ttotal | Status | Flags |
---|---|---|---|---|---|---|
r-devel-linux-x86_64-debian-clang | 0.6.2 | 10.18 | 92.94 | 103.12 | OK | |
r-devel-linux-x86_64-debian-gcc | 0.6.2 | 7.76 | 70.39 | 78.15 | OK | |
r-devel-linux-x86_64-fedora-clang | 0.6.2 | 133.15 | NOTE | |||
r-devel-linux-x86_64-fedora-gcc | 0.6.2 | 127.70 | OK | |||
r-prerel-macos-arm64 | 0.6.2 | 40.00 | OK | |||
r-prerel-macos-x86_64 | 0.6.2 | 99.00 | OK | |||
r-prerel-windows-x86_64 | 0.6.2 | 10.00 | 86.00 | 96.00 | OK | |
r-patched-linux-x86_64 | 0.6.2 | 6.12 | 88.09 | 94.21 | OK | |
r-release-linux-x86_64 | 0.6.2 | 5.98 | 91.29 | 97.27 | OK | |
r-release-macos-arm64 | 0.6.2 | 43.00 | OK | |||
r-release-macos-x86_64 | 0.6.2 | 96.00 | OK | |||
r-release-windows-x86_64 | 0.6.2 | 12.00 | 102.00 | 114.00 | OK | |
r-oldrel-macos-arm64 | 0.6.2 | 45.00 | OK | |||
r-oldrel-windows-x86_64 | 0.6.2 | 13.00 | 115.00 | 128.00 | OK |
Version: 0.6.2
Check: package dependencies
Result: NOTE
Imports includes 23 non-default packages.
Importing from so many packages makes the package vulnerable to any of
them becoming unavailable. Move as many as possible to Suggests and
use conditionally.
Flavor: r-devel-linux-x86_64-fedora-clang