Last updated on 2024-03-28 09:51:50 CET.
Flavor | Version | Tinstall | Tcheck | Ttotal | Status | Flags |
---|---|---|---|---|---|---|
r-devel-linux-x86_64-debian-clang | 2.21.11 | 1699.63 | 400.68 | 2100.31 | NOTE | |
r-devel-linux-x86_64-debian-gcc | 2.21.11 | 1477.41 | 445.34 | 1922.75 | NOTE | |
r-devel-linux-x86_64-fedora-clang | 2.21.11 | 2716.23 | NOTE | |||
r-devel-linux-x86_64-fedora-gcc | 2.21.11 | 3415.43 | NOTE | |||
r-devel-windows-x86_64 | 2.21.11 | 1218.00 | 474.00 | 1692.00 | NOTE | |
r-patched-linux-x86_64 | 2.21.11 | 1834.52 | 573.34 | 2407.86 | NOTE | |
r-release-linux-x86_64 | 2.21.11 | 1804.72 | 569.25 | 2373.97 | NOTE | |
r-release-macos-arm64 | 2.21.11 | 492.00 | NOTE | |||
r-release-macos-x86_64 | 2.21.11 | 373.00 | NOTE | |||
r-release-windows-x86_64 | 2.21.11 | 1525.00 | 619.00 | 2144.00 | NOTE | |
r-oldrel-macos-arm64 | 2.21.11 | 483.00 | NOTE | |||
r-oldrel-windows-x86_64 | 2.21.11 | 1528.00 | 516.00 | 2044.00 | NOTE |
Version: 2.21.11
Check: for GNU extensions in Makefiles
Result: NOTE
GNU make is a SystemRequirements.
Flavors: r-devel-linux-x86_64-debian-clang, r-devel-linux-x86_64-debian-gcc, r-devel-linux-x86_64-fedora-clang, r-devel-linux-x86_64-fedora-gcc, r-devel-windows-x86_64, r-patched-linux-x86_64, r-release-linux-x86_64, r-release-macos-arm64, r-release-macos-x86_64, r-release-windows-x86_64, r-oldrel-macos-arm64, r-oldrel-windows-x86_64
Version: 2.21.11
Check: installed package size
Result: NOTE
installed size is 17.3Mb
sub-directories of 1Mb or more:
R 2.6Mb
data 1.4Mb
libs 6.1Mb
models 4.8Mb
Flavors: r-devel-linux-x86_64-fedora-clang, r-devel-windows-x86_64, r-release-macos-arm64, r-release-macos-x86_64, r-release-windows-x86_64, r-oldrel-macos-arm64, r-oldrel-windows-x86_64