Last updated on 2024-03-28 09:51:50 CET.
Flavor | Version | Tinstall | Tcheck | Ttotal | Status | Flags |
---|---|---|---|---|---|---|
r-devel-linux-x86_64-debian-clang | 1.3.0 | 67.70 | 112.52 | 180.22 | OK | |
r-devel-linux-x86_64-debian-gcc | 1.3.0 | 59.46 | 86.75 | 146.21 | OK | |
r-devel-linux-x86_64-fedora-clang | 1.3.0 | 233.84 | OK | |||
r-devel-linux-x86_64-fedora-gcc | 1.3.0 | 262.16 | OK | |||
r-devel-windows-x86_64 | 1.3.0 | 55.00 | 136.00 | 191.00 | NOTE | |
r-patched-linux-x86_64 | 1.3.0 | 82.34 | 107.93 | 190.27 | OK | |
r-release-linux-x86_64 | 1.3.0 | 65.52 | 105.62 | 171.14 | OK | |
r-release-macos-arm64 | 1.3.0 | 65.00 | NOTE | |||
r-release-macos-x86_64 | 1.3.0 | 162.00 | NOTE | |||
r-release-windows-x86_64 | 1.3.0 | 68.00 | 171.00 | 239.00 | NOTE | |
r-oldrel-macos-arm64 | 1.3.0 | 63.00 | NOTE | |||
r-oldrel-windows-x86_64 | 1.3.0 | 64.00 | 171.00 | 235.00 | NOTE |
Version: 1.3.0
Check: installed package size
Result: NOTE
installed size is 5.1Mb
sub-directories of 1Mb or more:
doc 2.4Mb
libs 1.6Mb
Flavors: r-devel-windows-x86_64, r-release-macos-arm64, r-release-macos-x86_64, r-release-windows-x86_64, r-oldrel-macos-arm64, r-oldrel-windows-x86_64