CRAN Package Check Results for Package Oncotree

Last updated on 2025-04-14 11:50:12 CEST.

Flavor Version Tinstall Tcheck Ttotal Status Flags
r-devel-linux-x86_64-debian-clang 0.3.5 2.41 37.14 39.55 NOTE
r-devel-linux-x86_64-debian-gcc 0.3.5 1.82 28.21 30.03 NOTE
r-devel-linux-x86_64-fedora-gcc 0.3.5 73.74 NOTE
r-devel-windows-x86_64 0.3.5 3.00 77.00 80.00 NOTE
r-patched-linux-x86_64 0.3.5 2.33 36.20 38.53 NOTE
r-release-linux-x86_64 0.3.5 2.34 35.78 38.12 NOTE
r-release-macos-arm64 0.3.5 32.00 NOTE
r-release-macos-x86_64 0.3.5 55.00 NOTE
r-release-windows-x86_64 0.3.5 4.00 78.00 82.00 NOTE
r-oldrel-macos-arm64 0.3.5 29.00 NOTE
r-oldrel-macos-x86_64 0.3.5 44.00 NOTE
r-oldrel-windows-x86_64 0.3.5 4.00 78.00 82.00 NOTE

Check Details

Version: 0.3.5
Check: Rd files
Result: NOTE checkRd: (-1) oncotree.fit.Rd:63: Lost braces in \itemize; \value handles \item{}{} directly checkRd: (-1) oncotree.fit.Rd:64: Lost braces in \itemize; \value handles \item{}{} directly checkRd: (-1) oncotree.fit.Rd:65: Lost braces in \itemize; \value handles \item{}{} directly checkRd: (-1) oncotree.fit.Rd:66: Lost braces in \itemize; \value handles \item{}{} directly checkRd: (-1) oncotree.fit.Rd:67: Lost braces in \itemize; \value handles \item{}{} directly Flavors: r-devel-linux-x86_64-debian-clang, r-devel-linux-x86_64-debian-gcc, r-devel-linux-x86_64-fedora-gcc, r-devel-windows-x86_64, r-patched-linux-x86_64, r-release-linux-x86_64, r-release-macos-arm64, r-release-macos-x86_64, r-release-windows-x86_64, r-oldrel-macos-arm64, r-oldrel-macos-x86_64, r-oldrel-windows-x86_64