CRAN Package Check Results for Package Omisc

Last updated on 2025-01-17 10:48:29 CET.

Flavor Version Tinstall Tcheck Ttotal Status Flags
r-devel-linux-x86_64-debian-clang 0.1.5 2.74 45.04 47.78 OK
r-devel-linux-x86_64-debian-gcc 0.1.5 2.46 33.06 35.52 OK
r-devel-linux-x86_64-fedora-clang 0.1.5 79.40 NOTE
r-devel-linux-x86_64-fedora-gcc 0.1.5 75.28 NOTE
r-devel-windows-x86_64 0.1.5 5.00 75.00 80.00 OK
r-patched-linux-x86_64 0.1.5 2.82 43.12 45.94 OK
r-release-linux-x86_64 0.1.5 3.14 42.85 45.99 OK
r-release-macos-arm64 0.1.5 25.00 OK
r-release-macos-x86_64 0.1.5 37.00 OK
r-release-windows-x86_64 0.1.5 5.00 74.00 79.00 OK
r-oldrel-macos-arm64 0.1.5 25.00 OK
r-oldrel-macos-x86_64 0.1.5 41.00 OK
r-oldrel-windows-x86_64 0.1.5 5.00 87.00 92.00 OK

Check Details

Version: 0.1.5
Check: dependencies in R code
Result: NOTE Namespace in Imports field not imported from: ‘base’ All declared Imports should be used. Flavors: r-devel-linux-x86_64-fedora-clang, r-devel-linux-x86_64-fedora-gcc