Last updated on 2022-06-26 11:52:39 CEST.
Flavor | Version | Tinstall | Tcheck | Ttotal | Status | Flags |
---|---|---|---|---|---|---|
r-devel-linux-x86_64-debian-clang | 0.1.1 | 22.50 | 295.93 | 318.43 | OK | |
r-devel-linux-x86_64-debian-gcc | 0.1.1 | 18.12 | 211.16 | 229.28 | OK | |
r-devel-linux-x86_64-fedora-clang | 0.1.1 | 384.33 | NOTE | |||
r-devel-linux-x86_64-fedora-gcc | 0.1.1 | 370.05 | OK | |||
r-devel-windows-x86_64 | 0.1.1 | 31.00 | 303.00 | 334.00 | OK | |
r-patched-linux-x86_64 | 0.1.1 | 21.73 | 272.24 | 293.97 | OK | |
r-release-linux-x86_64 | 0.1.1 | 21.55 | 277.01 | 298.56 | OK | |
r-release-macos-arm64 | 0.1.1 | 93.00 | OK | |||
r-release-macos-x86_64 | 0.1.1 | 159.00 | OK | |||
r-release-windows-x86_64 | 0.1.1 | 45.00 | 297.00 | 342.00 | OK | |
r-oldrel-macos-arm64 | 0.1.1 | 114.00 | OK | |||
r-oldrel-macos-x86_64 | 0.1.1 | 144.00 | OK | |||
r-oldrel-windows-ix86+x86_64 | 0.1.1 | 46.00 | 318.00 | 364.00 | OK |
Version: 0.1.1
Check: Rd cross-references
Result: NOTE
Undeclared package ‘survey’ in Rd xrefs
Flavor: r-devel-linux-x86_64-fedora-clang