CRAN Package Check Results for Package OTUtable

Last updated on 2025-04-29 12:52:43 CEST.

Flavor Version Tinstall Tcheck Ttotal Status Flags
r-devel-linux-x86_64-debian-clang 1.1.2 2.44 34.94 37.38 NOTE
r-devel-linux-x86_64-debian-gcc 1.1.2 1.90 28.77 30.67 NOTE
r-devel-linux-x86_64-fedora-clang 1.1.2 56.49 OK
r-devel-linux-x86_64-fedora-gcc 1.1.2 57.09 OK
r-devel-windows-x86_64 1.1.2 4.00 54.00 58.00 OK
r-patched-linux-x86_64 1.1.2 2.78 34.58 37.36 OK
r-release-linux-x86_64 1.1.2 2.50 34.27 36.77 OK
r-release-macos-arm64 1.1.2 26.00 OK
r-release-macos-x86_64 1.1.2 37.00 OK
r-release-windows-x86_64 1.1.2 3.00 56.00 59.00 OK
r-oldrel-macos-arm64 1.1.2 21.00 OK
r-oldrel-macos-x86_64 1.1.2 29.00 OK
r-oldrel-windows-x86_64 1.1.2 5.00 55.00 60.00 OK

Check Details

Version: 1.1.2
Check: CRAN incoming feasibility
Result: NOTE Maintainer: ‘Alexandra Linz <amlinz16@gmail.com>’ No Authors@R field in DESCRIPTION. Please add one, modifying Authors@R: person(given = "Alexandra", family = "Linz", role = c("aut", "cre"), email = "amlinz16@gmail.com") as necessary. Flavors: r-devel-linux-x86_64-debian-clang, r-devel-linux-x86_64-debian-gcc