Last updated on 2022-07-05 11:49:59 CEST.
Flavor | Version | Tinstall | Tcheck | Ttotal | Status | Flags |
---|---|---|---|---|---|---|
r-devel-linux-x86_64-debian-clang | 0.1.0 | 5.82 | 53.88 | 59.70 | NOTE | |
r-devel-linux-x86_64-debian-gcc | 0.1.0 | 4.43 | 40.70 | 45.13 | NOTE | |
r-devel-linux-x86_64-fedora-clang | 0.1.0 | 81.81 | NOTE | |||
r-devel-linux-x86_64-fedora-gcc | 0.1.0 | 79.68 | NOTE | |||
r-devel-windows-x86_64 | 0.1.0 | 15.00 | 78.00 | 93.00 | NOTE | |
r-patched-linux-x86_64 | 0.1.0 | 6.08 | 51.36 | 57.44 | NOTE | |
r-release-linux-x86_64 | 0.1.0 | 4.89 | 51.27 | 56.16 | NOTE | |
r-release-macos-arm64 | 0.1.0 | 25.00 | NOTE | |||
r-release-macos-x86_64 | 0.1.0 | 47.00 | NOTE | |||
r-release-windows-x86_64 | 0.1.0 | 21.00 | 81.00 | 102.00 | NOTE | |
r-oldrel-macos-arm64 | 0.1.0 | 30.00 | NOTE | |||
r-oldrel-macos-x86_64 | 0.1.0 | 39.00 | NOTE | |||
r-oldrel-windows-ix86+x86_64 | 0.1.0 | 14.00 | 75.00 | 89.00 | NOTE |
Version: 0.1.0
Check: LazyData
Result: NOTE
'LazyData' is specified without a 'data' directory
Flavors: r-devel-linux-x86_64-debian-clang, r-devel-linux-x86_64-debian-gcc, r-devel-linux-x86_64-fedora-clang, r-devel-linux-x86_64-fedora-gcc, r-devel-windows-x86_64, r-patched-linux-x86_64, r-release-linux-x86_64, r-release-macos-arm64, r-release-macos-x86_64, r-release-windows-x86_64, r-oldrel-macos-arm64, r-oldrel-macos-x86_64, r-oldrel-windows-ix86+x86_64