CRAN Package Check Results for Package OGI

Last updated on 2024-02-28 10:14:09 CET.

Flavor Version Tinstall Tcheck Ttotal Status Flags
r-devel-linux-x86_64-debian-clang 1.0.0 1.53 24.77 26.30 NOTE
r-devel-linux-x86_64-debian-gcc 1.0.0 1.79 19.46 21.25 NOTE
r-devel-linux-x86_64-fedora-clang 1.0.0 34.05 NOTE
r-devel-linux-x86_64-fedora-gcc 1.0.0 31.95 NOTE
r-devel-windows-x86_64 1.0.0 2.00 42.00 44.00 NOTE
r-patched-linux-x86_64 1.0.0 2.28 23.90 26.18 NOTE
r-release-linux-x86_64 1.0.0 2.26 23.37 25.63 NOTE
r-release-macos-arm64 1.0.0 15.00 NOTE
r-release-macos-x86_64 1.0.0 19.00 NOTE
r-release-windows-x86_64 1.0.0 2.00 41.00 43.00 NOTE
r-oldrel-macos-arm64 1.0.0 16.00 NOTE
r-oldrel-windows-x86_64 1.0.0 4.00 47.00 51.00 NOTE

Check Details

Version: 1.0.0
Check: LazyData
Result: NOTE 'LazyData' is specified without a 'data' directory Flavors: r-devel-linux-x86_64-debian-clang, r-devel-linux-x86_64-debian-gcc, r-devel-linux-x86_64-fedora-clang, r-devel-linux-x86_64-fedora-gcc, r-devel-windows-x86_64, r-patched-linux-x86_64, r-release-linux-x86_64, r-release-macos-arm64, r-release-macos-x86_64, r-release-windows-x86_64, r-oldrel-macos-arm64, r-oldrel-windows-x86_64

Version: 1.0.0
Check: dependencies in R code
Result: NOTE Namespace in Imports field not imported from: ‘methods’ All declared Imports should be used. Flavors: r-devel-linux-x86_64-fedora-clang, r-devel-linux-x86_64-fedora-gcc