Last updated on 2025-04-29 12:52:43 CEST.
Flavor | Version | Tinstall | Tcheck | Ttotal | Status | Flags |
---|---|---|---|---|---|---|
r-devel-linux-x86_64-debian-clang | 1.0.0 | 1.67 | 16.17 | 17.84 | NOTE | |
r-devel-linux-x86_64-debian-gcc | 1.0.0 | 1.38 | 13.58 | 14.96 | NOTE | |
r-devel-linux-x86_64-fedora-clang | 1.0.0 | 28.68 | NOTE | |||
r-devel-linux-x86_64-fedora-gcc | 1.0.0 | 27.18 | NOTE | |||
r-devel-windows-x86_64 | 1.0.0 | 2.00 | 37.00 | 39.00 | NOTE | |
r-patched-linux-x86_64 | 1.0.0 | 1.55 | 15.68 | 17.23 | NOTE | |
r-release-linux-x86_64 | 1.0.0 | 1.71 | 15.63 | 17.34 | NOTE | |
r-release-macos-arm64 | 1.0.0 | 13.00 | NOTE | |||
r-release-macos-x86_64 | 1.0.0 | 21.00 | NOTE | |||
r-release-windows-x86_64 | 1.0.0 | 4.00 | 38.00 | 42.00 | NOTE | |
r-oldrel-macos-arm64 | 1.0.0 | 13.00 | NOTE | |||
r-oldrel-macos-x86_64 | 1.0.0 | 26.00 | NOTE | |||
r-oldrel-windows-x86_64 | 1.0.0 | 3.00 | 35.00 | 38.00 | NOTE |
Version: 1.0.0
Check: CRAN incoming feasibility
Result: NOTE
Maintainer: ‘John Snyder <jcs8v6@mail.missouri.edu>’
No Authors@R field in DESCRIPTION.
Please add one, modifying
Authors@R: c(person(given = "Dan",
family = "Zheng",
role = "aut"),
person(given = "John",
family = "Snyder",
role = "cre",
email = "jcs8v6@mail.missouri.edu"))
as necessary.
Flavors: r-devel-linux-x86_64-debian-clang, r-devel-linux-x86_64-debian-gcc
Version: 1.0.0
Check: Rd files
Result: NOTE
checkRd: (-1) OBMb.Rd:28: Lost braces in \itemize; \value handles \item{}{} directly
checkRd: (-1) OBMb.Rd:29: Lost braces in \itemize; \value handles \item{}{} directly
checkRd: (-1) OBMb.Rd:30: Lost braces in \itemize; \value handles \item{}{} directly
checkRd: (-1) OBMb.Rd:31: Lost braces in \itemize; \value handles \item{}{} directly
checkRd: (-1) OBMb.Rd:32: Lost braces in \itemize; \value handles \item{}{} directly
checkRd: (-1) OBMb.Rd:33: Lost braces in \itemize; \value handles \item{}{} directly
Flavors: r-devel-linux-x86_64-debian-clang, r-devel-linux-x86_64-debian-gcc, r-devel-linux-x86_64-fedora-clang, r-devel-linux-x86_64-fedora-gcc, r-devel-windows-x86_64, r-patched-linux-x86_64, r-release-linux-x86_64, r-release-macos-arm64, r-release-macos-x86_64, r-release-windows-x86_64, r-oldrel-macos-arm64, r-oldrel-macos-x86_64, r-oldrel-windows-x86_64
Version: 1.0.0
Check: LazyData
Result: NOTE
'LazyData' is specified without a 'data' directory
Flavors: r-oldrel-macos-arm64, r-oldrel-macos-x86_64, r-oldrel-windows-x86_64