Last updated on 2025-05-07 11:55:36 CEST.
Flavor | Version | Tinstall | Tcheck | Ttotal | Status | Flags |
---|---|---|---|---|---|---|
r-devel-linux-x86_64-debian-clang | 0.7.0 | 3.79 | 27.45 | 31.24 | NOTE | |
r-devel-linux-x86_64-debian-gcc | 0.7.0 | 2.43 | 20.91 | 23.34 | NOTE | |
r-devel-linux-x86_64-fedora-clang | 0.7.0 | 49.46 | OK | |||
r-devel-linux-x86_64-fedora-gcc | 0.7.0 | 46.22 | OK | |||
r-devel-windows-x86_64 | 0.7.0 | 5.00 | 47.00 | 52.00 | OK | |
r-patched-linux-x86_64 | 0.7.0 | 3.78 | 26.50 | 30.28 | OK | |
r-release-linux-x86_64 | 0.7.0 | 3.35 | 26.43 | 29.78 | OK | |
r-release-macos-arm64 | 0.7.0 | 18.00 | OK | |||
r-release-macos-x86_64 | 0.7.0 | 37.00 | OK | |||
r-release-windows-x86_64 | 0.7.0 | 6.00 | 47.00 | 53.00 | OK | |
r-oldrel-macos-arm64 | 0.7.0 | 17.00 | OK | |||
r-oldrel-macos-x86_64 | 0.7.0 | 30.00 | OK | |||
r-oldrel-windows-x86_64 | 0.7.0 | 5.00 | 47.00 | 52.00 | OK |
Version: 0.7.0
Check: CRAN incoming feasibility
Result: NOTE
Maintainer: ‘Kyun-Seop Bae <k@acr.kr>’
No Authors@R field in DESCRIPTION.
Please add one, modifying
Authors@R: person(given = "Kyun-Seop",
family = "Bae",
role = c("aut", "cre"),
email = "k@acr.kr")
as necessary.
Flavors: r-devel-linux-x86_64-debian-clang, r-devel-linux-x86_64-debian-gcc