Last updated on 2024-04-17 10:41:43 CEST.
Flavor | Version | Tinstall | Tcheck | Ttotal | Status | Flags |
---|---|---|---|---|---|---|
r-devel-linux-x86_64-debian-clang | 0.3.4 | 66.62 | 125.41 | 192.03 | NOTE | |
r-devel-linux-x86_64-debian-gcc | 0.3.4 | 53.76 | 96.96 | 150.72 | NOTE | |
r-devel-linux-x86_64-fedora-clang | 0.3.4 | 261.96 | NOTE | |||
r-devel-linux-x86_64-fedora-gcc | 0.3.4 | 284.62 | NOTE | |||
r-prerel-macos-arm64 | 0.3.4 | 71.00 | NOTE | |||
r-prerel-windows-x86_64 | 0.3.4 | 56.00 | 146.00 | 202.00 | NOTE | |
r-patched-linux-x86_64 | 0.3.4 | 66.79 | 123.50 | 190.29 | NOTE | |
r-release-linux-x86_64 | 0.3.4 | 63.20 | 124.67 | 187.87 | NOTE | |
r-release-macos-arm64 | 0.3.4 | 81.00 | NOTE | |||
r-release-macos-x86_64 | 0.3.4 | 125.00 | NOTE | |||
r-release-windows-x86_64 | 0.3.4 | 69.00 | 171.00 | 240.00 | NOTE | |
r-oldrel-macos-arm64 | 0.3.4 | 66.00 | OK | |||
r-oldrel-windows-x86_64 | 0.3.4 | 68.00 | 166.00 | 234.00 | OK |
Version: 0.3.4
Check: C++ specification
Result: NOTE
Specified C++11: please drop specification unless essential
Flavors: r-devel-linux-x86_64-debian-clang, r-devel-linux-x86_64-debian-gcc, r-devel-linux-x86_64-fedora-clang, r-devel-linux-x86_64-fedora-gcc, r-prerel-macos-arm64, r-prerel-windows-x86_64, r-patched-linux-x86_64, r-release-linux-x86_64, r-release-macos-arm64, r-release-macos-x86_64, r-release-windows-x86_64