Last updated on 2024-04-18 12:52:52 CEST.
Flavor | Version | Tinstall | Tcheck | Ttotal | Status | Flags |
---|---|---|---|---|---|---|
r-devel-linux-x86_64-debian-clang | 0.8 | 28.33 | 191.06 | 219.39 | NOTE | --no-vignettes |
r-devel-linux-x86_64-debian-gcc | 0.8 | 17.90 | 137.02 | 154.92 | NOTE | --no-vignettes |
r-devel-linux-x86_64-fedora-clang | 0.8 | 268.36 | NOTE | |||
r-devel-linux-x86_64-fedora-gcc | 0.8 | 269.39 | NOTE | |||
r-prerel-macos-arm64 | 0.8 | 68.00 | NOTE | |||
r-prerel-windows-x86_64 | 0.8 | 23.00 | 135.00 | 158.00 | NOTE | |
r-patched-linux-x86_64 | 0.8 | 22.43 | 178.15 | 200.58 | NOTE | --no-vignettes |
r-release-linux-x86_64 | 0.8 | 22.73 | 183.85 | 206.58 | NOTE | --no-vignettes |
r-release-macos-arm64 | 0.8 | 78.00 | NOTE | |||
r-release-macos-x86_64 | 0.8 | 125.00 | NOTE | |||
r-release-windows-x86_64 | 0.8 | 30.00 | 176.00 | 206.00 | NOTE | |
r-oldrel-macos-arm64 | 0.8 | 75.00 | OK | |||
r-oldrel-windows-x86_64 | 0.8 | 30.00 | 171.00 | 201.00 | OK |
Version: 0.8
Flags: --no-vignettes
Check: Rd files
Result: NOTE
checkRd: (-1) NetworkChange.Rd:163: Escaped LaTeX specials: \&
checkRd: (-1) NetworkChangeRobust.Rd:144: Escaped LaTeX specials: \&
checkRd: (-1) NetworkStatic.Rd:142: Escaped LaTeX specials: \&
Flavors: r-devel-linux-x86_64-debian-clang, r-devel-linux-x86_64-debian-gcc, r-patched-linux-x86_64, r-release-linux-x86_64
Version: 0.8
Check: Rd files
Result: NOTE
checkRd: (-1) NetworkChange.Rd:163: Escaped LaTeX specials: \&
checkRd: (-1) NetworkChangeRobust.Rd:144: Escaped LaTeX specials: \&
checkRd: (-1) NetworkStatic.Rd:142: Escaped LaTeX specials: \&
Flavors: r-devel-linux-x86_64-fedora-clang, r-devel-linux-x86_64-fedora-gcc, r-prerel-macos-arm64, r-prerel-windows-x86_64, r-release-macos-arm64, r-release-macos-x86_64, r-release-windows-x86_64