Last updated on 2022-06-27 11:50:49 CEST.
Flavor | Version | Tinstall | Tcheck | Ttotal | Status | Flags |
---|---|---|---|---|---|---|
r-devel-linux-x86_64-debian-clang | 1.2.4 | 160.82 | 145.13 | 305.95 | OK | |
r-devel-linux-x86_64-debian-gcc | 1.2.4 | 127.30 | 109.97 | 237.27 | OK | |
r-devel-linux-x86_64-fedora-clang | 1.2.4 | 428.52 | NOTE | |||
r-devel-linux-x86_64-fedora-gcc | 1.2.4 | 398.97 | OK | |||
r-devel-windows-x86_64 | 1.2.4 | 141.00 | 187.00 | 328.00 | OK | |
r-patched-linux-x86_64 | 1.2.4 | 145.45 | 157.04 | 302.49 | OK | |
r-release-linux-x86_64 | 1.2.4 | 151.64 | 158.11 | 309.75 | OK | |
r-release-macos-arm64 | 1.2.4 | 107.00 | NOTE | |||
r-release-macos-x86_64 | 1.2.4 | 132.00 | NOTE | |||
r-release-windows-x86_64 | 1.2.4 | 140.00 | 203.00 | 343.00 | OK | |
r-oldrel-macos-arm64 | 1.2.4 | 117.00 | NOTE | |||
r-oldrel-macos-x86_64 | 1.2.4 | 184.00 | NOTE | |||
r-oldrel-windows-ix86+x86_64 | 1.2.4 | 399.00 | 235.00 | 634.00 | OK |
Version: 1.2.4
Check: installed package size
Result: NOTE
installed size is 6.9Mb
sub-directories of 1Mb or more:
doc 1.4Mb
libs 4.5Mb
Flavors: r-devel-linux-x86_64-fedora-clang, r-release-macos-arm64, r-release-macos-x86_64, r-oldrel-macos-arm64, r-oldrel-macos-x86_64