CRAN Package Check Results for Package NetPreProc

Last updated on 2023-10-01 12:00:43 CEST.

Flavor Version Tinstall Tcheck Ttotal Status Flags
r-devel-linux-x86_64-debian-clang 1.2 5.37 46.86 52.23 OK
r-devel-linux-x86_64-debian-gcc 1.2 3.90 36.19 40.09 OK
r-devel-linux-x86_64-fedora-clang 1.2 63.66 NOTE
r-devel-linux-x86_64-fedora-gcc 1.2 66.79 NOTE
r-devel-windows-x86_64 1.2 6.00 61.00 67.00 OK
r-patched-linux-x86_64 1.2 5.57 44.95 50.52 OK
r-release-linux-x86_64 1.2 3.66 45.01 48.67 OK
r-release-macos-arm64 1.2 25.00 OK
r-release-macos-x86_64 1.2 38.00 OK
r-release-windows-x86_64 1.2 7.00 70.00 77.00 OK
r-oldrel-macos-arm64 1.2 24.00 OK
r-oldrel-macos-x86_64 1.2 34.00 OK
r-oldrel-windows-x86_64 1.2 33.00 71.00 104.00 OK

Check Details

Version: 1.2
Check: compiled code
Result: NOTE
    File ‘NetPreProc/libs/NetPreProc.so’:
     Found no calls to: ‘R_registerRoutines’, ‘R_useDynamicSymbols’
    
    It is good practice to register native routines and to disable symbol
    search.
    
    See ‘Writing portable packages’ in the ‘Writing R Extensions’ manual.
Flavors: r-devel-linux-x86_64-fedora-clang, r-devel-linux-x86_64-fedora-gcc